Last updated on 2017-07-26 01:56:37.
Flavor | Version | Tinstall | Tcheck | Ttotal | Status | Flags |
---|---|---|---|---|---|---|
r-devel-linux-x86_64-debian-clang | 0.1.0 | 1.93 | 41.23 | 43.16 | NOTE | |
r-devel-linux-x86_64-debian-gcc | 0.1.0 | 1.96 | 39.19 | 41.15 | NOTE | |
r-devel-linux-x86_64-fedora-clang | 0.1.0 | 61.20 | NOTE | |||
r-devel-linux-x86_64-fedora-gcc | 0.1.0 | 66.24 | NOTE | |||
r-devel-windows-ix86+x86_64 | 0.1.0 | 8.00 | 64.00 | 72.00 | OK | |
r-patched-linux-x86_64 | 0.1.0 | 1.92 | 38.73 | 40.65 | NOTE | |
r-patched-solaris-x86 | 0.1.0 | 86.60 | NOTE | |||
r-release-linux-x86_64 | 0.1.0 | 2.04 | 39.33 | 41.37 | NOTE | |
r-release-windows-ix86+x86_64 | 0.1.0 | 6.00 | 113.00 | 119.00 | OK | |
r-release-osx-x86_64 | 0.1.0 | NOTE | ||||
r-oldrel-windows-ix86+x86_64 | 0.1.0 | 6.00 | 47.00 | 53.00 | NOTE | |
r-oldrel-osx-x86_64 | 0.1.0 | NOTE |
Version: 0.1.0
Check: package dependencies
Result: NOTE
Package suggested but not available for checking: ‘rnaturalearthhires’
Flavors: r-devel-linux-x86_64-debian-clang, r-devel-linux-x86_64-debian-gcc, r-devel-linux-x86_64-fedora-clang, r-devel-linux-x86_64-fedora-gcc, r-patched-linux-x86_64, r-patched-solaris-x86, r-release-linux-x86_64, r-release-osx-x86_64, r-oldrel-windows-ix86+x86_64, r-oldrel-osx-x86_64
Version: 0.1.0
Check: data for non-ASCII characters
Result: NOTE
Note: found 7 marked Latin-1 strings
Flavors: r-devel-linux-x86_64-fedora-clang, r-devel-linux-x86_64-fedora-gcc, r-patched-solaris-x86, r-release-osx-x86_64, r-oldrel-osx-x86_64