Last updated on 2017-07-26 01:56:38.
Flavor | Version | Tinstall | Tcheck | Ttotal | Status | Flags |
---|---|---|---|---|---|---|
r-devel-linux-x86_64-debian-clang | 0.9.2 | 1.16 | 129.53 | 130.69 | OK | |
r-devel-linux-x86_64-debian-gcc | 0.9.2 | 0.83 | 128.72 | 129.55 | OK | |
r-devel-linux-x86_64-fedora-clang | 0.9.2 | 290.55 | NOTE | |||
r-devel-linux-x86_64-fedora-gcc | 0.9.2 | 296.22 | NOTE | |||
r-devel-windows-ix86+x86_64 | 0.9.2 | 3.00 | 228.00 | 231.00 | OK | |
r-patched-linux-x86_64 | 0.9.2 | 0.93 | 126.93 | 127.85 | OK | |
r-patched-solaris-x86 | 0.9.2 | 287.00 | NOTE | |||
r-release-linux-x86_64 | 0.9.2 | 0.90 | 129.30 | 130.20 | OK | |
r-release-windows-ix86+x86_64 | 0.9.2 | 3.00 | 248.00 | 251.00 | OK | |
r-release-osx-x86_64 | 0.9.2 | NOTE | ||||
r-oldrel-windows-ix86+x86_64 | 0.9.2 | 3.00 | 209.00 | 212.00 | OK | |
r-oldrel-osx-x86_64 | 0.9.2 | NOTE |
Version: 0.9.2
Check: dependencies in R code
Result: NOTE
Namespace in Imports field not imported from: ‘methods’
All declared Imports should be used.
Flavors: r-devel-linux-x86_64-fedora-clang, r-devel-linux-x86_64-fedora-gcc, r-patched-solaris-x86, r-release-osx-x86_64, r-oldrel-osx-x86_64