Last updated on 2017-07-26 01:56:39.
Flavor | Version | Tinstall | Tcheck | Ttotal | Status | Flags |
---|---|---|---|---|---|---|
r-devel-linux-x86_64-debian-clang | 0.4.0 | 3.25 | 63.12 | 66.37 | OK | |
r-devel-linux-x86_64-debian-gcc | 0.4.0 | 2.96 | 60.85 | 63.81 | OK | |
r-devel-linux-x86_64-fedora-clang | 0.4.0 | 119.21 | OK | |||
r-devel-linux-x86_64-fedora-gcc | 0.4.0 | 114.89 | OK | |||
r-devel-windows-ix86+x86_64 | 0.4.0 | 16.00 | 152.00 | 168.00 | OK | |
r-patched-linux-x86_64 | 0.4.0 | 3.60 | 62.46 | 66.06 | OK | |
r-patched-solaris-x86 | 0.4.0 | 128.40 | OK | |||
r-release-linux-x86_64 | 0.4.0 | 3.08 | 63.87 | 66.96 | OK | |
r-release-windows-ix86+x86_64 | 0.4.0 | 13.00 | 150.00 | 163.00 | OK | |
r-release-osx-x86_64 | 0.4.0 | NOTE | ||||
r-oldrel-windows-ix86+x86_64 | 0.4.0 | 13.00 | 115.00 | 128.00 | OK | |
r-oldrel-osx-x86_64 | 0.4.0 | OK |
Version: 0.4.0
Check: re-building of vignette outputs
Result: NOTE
Error in re-building vignettes:
...
Loading required package: bbmle
Loading required package: stats4
Error in texi2dvi(file = file, pdf = TRUE, clean = clean, quiet = quiet, :
Running 'texi2dvi' on 'sads_intro.tex' failed.
LaTeX errors:
! LaTeX Error: File `framed.sty' not found.
Type X to quit or <RETURN> to proceed,
or enter new name. (Default extension: sty)
! Emergency stop.
<read *>
l.10 \usepackage
{xspace}^^M
! ==> Fatal error occurred, no output PDF file produced!
Calls: buildVignettes -> texi2pdf -> texi2dvi
Execution halted
Flavor: r-release-osx-x86_64