CRAN Package Check Results for Package sde

Last updated on 2017-07-26 01:56:39.

Flavor Version Tinstall Tcheck Ttotal Status Flags
r-devel-linux-x86_64-debian-clang 2.0.15 3.68 60.40 64.08 NOTE
r-devel-linux-x86_64-debian-gcc 2.0.15 3.61 57.94 61.55 NOTE
r-devel-linux-x86_64-fedora-clang 2.0.15 109.28 NOTE
r-devel-linux-x86_64-fedora-gcc 2.0.15 105.86 NOTE
r-devel-windows-ix86+x86_64 2.0.15 17.00 143.00 160.00 OK
r-patched-linux-x86_64 2.0.15 3.73 58.69 62.42 NOTE
r-patched-solaris-x86 2.0.15 144.30 OK
r-release-linux-x86_64 2.0.15 4.24 58.72 62.96 NOTE
r-release-windows-ix86+x86_64 2.0.15 12.00 140.00 152.00 OK
r-release-osx-x86_64 2.0.15 OK
r-oldrel-windows-ix86+x86_64 2.0.15 12.00 112.00 124.00 OK
r-oldrel-osx-x86_64 2.0.15 OK

Check Details

Version: 2.0.15
Check: compiled code
Result: NOTE
    File ‘sde/libs/sde.so’:
     Found no call to: ‘R_useDynamicSymbols’
    
    It is good practice to register native routines and to disable symbol
    search.
    
    See ‘Writing portable packages’ in the ‘Writing R Extensions’ manual.
Flavors: r-devel-linux-x86_64-debian-clang, r-devel-linux-x86_64-debian-gcc, r-devel-linux-x86_64-fedora-clang, r-devel-linux-x86_64-fedora-gcc, r-patched-linux-x86_64, r-release-linux-x86_64