Last updated on 2017-07-26 01:56:39.
Flavor | Version | Tinstall | Tcheck | Ttotal | Status | Flags |
---|---|---|---|---|---|---|
r-devel-linux-x86_64-debian-clang | 1.0.7 | 200.62 | 259.44 | 460.06 | NOTE | |
r-devel-linux-x86_64-debian-gcc | 1.0.7 | 213.28 | 251.44 | 464.71 | NOTE | |
r-devel-linux-x86_64-fedora-clang | 1.0.7 | 923.13 | NOTE | |||
r-devel-linux-x86_64-fedora-gcc | 1.0.7 | 881.53 | NOTE | |||
r-devel-windows-ix86+x86_64 | 1.0.7 | 749.00 | 451.00 | 1200.00 | NOTE | |
r-patched-linux-x86_64 | 1.0.7 | 212.19 | 252.26 | 464.45 | NOTE | |
r-patched-solaris-x86 | 1.0.7 | 846.00 | NOTE | |||
r-release-linux-x86_64 | 1.0.7 | 213.78 | 255.63 | 469.41 | NOTE | |
r-release-windows-ix86+x86_64 | 1.0.7 | 578.00 | 463.00 | 1041.00 | NOTE | |
r-release-osx-x86_64 | 1.0.7 | NOTE | ||||
r-oldrel-windows-ix86+x86_64 | 1.0.7 | 584.00 | 350.00 | 934.00 | NOTE | |
r-oldrel-osx-x86_64 | 1.0.7 | NOTE |
Version: 1.0.7
Check: dependencies in R code
Result: NOTE
Unexported objects imported by ':::' calls:
‘igraph:::.igraph.shapes’ ‘igraph:::i.get.arrow.mode’
‘igraph:::i.parse.plot.params’ ‘igraph:::igraph.Arrows’
‘igraph:::igraph.check.shapes’ ‘igraph:::igraph.polygon’
See the note in ?`:::` about the use of this operator.
Flavors: r-devel-linux-x86_64-debian-clang, r-devel-linux-x86_64-debian-gcc, r-devel-linux-x86_64-fedora-clang, r-devel-linux-x86_64-fedora-gcc, r-devel-windows-ix86+x86_64, r-patched-linux-x86_64, r-patched-solaris-x86, r-release-linux-x86_64, r-release-windows-ix86+x86_64, r-release-osx-x86_64, r-oldrel-windows-ix86+x86_64, r-oldrel-osx-x86_64
Version: 1.0.7
Check: installed package size
Result: NOTE
installed size is 16.4Mb
sub-directories of 1Mb or more:
doc 6.0Mb
libs 9.8Mb
Flavors: r-devel-linux-x86_64-fedora-clang, r-devel-linux-x86_64-fedora-gcc, r-devel-windows-ix86+x86_64, r-patched-solaris-x86, r-release-windows-ix86+x86_64, r-release-osx-x86_64, r-oldrel-windows-ix86+x86_64, r-oldrel-osx-x86_64