CRAN Package Check Results for Package simmer.plot

Last updated on 2017-07-26 01:56:40.

Flavor Version Tinstall Tcheck Ttotal Status Flags
r-devel-linux-x86_64-debian-clang 0.1.10 1.17 51.12 52.29 OK
r-devel-linux-x86_64-debian-gcc 0.1.10 1.17 51.85 53.02 OK
r-devel-linux-x86_64-fedora-clang 0.1.10 88.31 OK
r-devel-linux-x86_64-fedora-gcc 0.1.10 87.10 OK
r-devel-windows-ix86+x86_64 0.1.10 7.00 106.00 113.00 OK
r-patched-linux-x86_64 0.1.10 1.22 47.19 48.40 OK
r-patched-solaris-x86 0.1.10 97.60 OK
r-release-linux-x86_64 0.1.10 1.26 48.63 49.89 OK
r-release-windows-ix86+x86_64 0.1.10 6.00 91.00 97.00 OK
r-release-osx-x86_64 0.1.10 OK
r-oldrel-windows-ix86+x86_64 0.1.10 5.00 66.00 71.00 ERROR
r-oldrel-osx-x86_64 0.1.10 OK

Check Details

Version: 0.1.10
Check: tests
Result: ERROR
     Running 'testthat.R' [16s]
    Running the tests in 'tests/testthat.R' failed.
    Last 13 lines of output:
     Lengths differ: 8 vs 14
    
    
     2. Failure: edges are removed for ignored subtrajectories in Clone (@test-plot-trajectory.R#92)
     edges_df$to not equal to c(2, 3, 4, 4, 4, 5, 6, 7, 7, 8, 10, 10, 13, 13).
     Lengths differ: 8 vs 14
    
    
     testthat results ================================================================
     OK: 80 SKIPPED: 0 FAILED: 2
     1. Failure: edges are removed for ignored subtrajectories in Clone (@test-plot-trajectory.R#92)
     2. Failure: edges are removed for ignored subtrajectories in Clone (@test-plot-trajectory.R#92)
    
     Error: testthat unit tests failed
     Execution halted
Flavor: r-oldrel-windows-ix86+x86_64