CRAN Package Check Results for Package sisal

Last updated on 2017-07-26 01:56:40.

Flavor Version Tinstall Tcheck Ttotal Status Flags
r-devel-linux-x86_64-debian-clang 0.46 3.66 89.22 92.88 OK
r-devel-linux-x86_64-debian-gcc 0.46 3.17 85.24 88.41 OK
r-devel-linux-x86_64-fedora-clang 0.46 159.95 OK
r-devel-linux-x86_64-fedora-gcc 0.46 158.03 OK
r-devel-windows-ix86+x86_64 0.46 13.00 198.00 211.00 OK
r-patched-linux-x86_64 0.46 3.26 82.70 85.95 OK
r-patched-solaris-x86 0.46 199.20 OK
r-release-linux-x86_64 0.46 3.28 88.95 92.23 OK
r-release-windows-ix86+x86_64 0.46 8.00 157.00 165.00 OK
r-release-osx-x86_64 0.46 NOTE
r-oldrel-windows-ix86+x86_64 0.46 8.00 114.00 122.00 OK
r-oldrel-osx-x86_64 0.46 OK

Check Details

Version: 0.46
Check: package dependencies
Result: NOTE
    Packages suggested but not available for checking: ‘graph’ ‘Rgraphviz’
Flavor: r-release-osx-x86_64

Version: 0.46
Check: Rd cross-references
Result: NOTE
    Packages unavailable to check Rd xrefs: ‘Rgraphviz’, ‘graph’
Flavor: r-release-osx-x86_64