CRAN Package Check Results for Package snow

Last updated on 2017-07-26 01:56:40.

Flavor Version Tinstall Tcheck Ttotal Status Flags
r-devel-linux-x86_64-debian-clang 0.4-2 0.64 23.18 23.82 NOTE
r-devel-linux-x86_64-debian-gcc 0.4-2 0.64 22.97 23.61 NOTE
r-devel-linux-x86_64-fedora-clang 0.4-2 23.00 NOTE
r-devel-linux-x86_64-fedora-gcc 0.4-2 24.58 NOTE
r-devel-windows-ix86+x86_64 0.4-2 4.00 31.00 35.00 OK
r-patched-linux-x86_64 0.4-2 0.67 21.58 22.25 NOTE
r-patched-solaris-x86 0.4-2 33.40 NOTE
r-release-linux-x86_64 0.4-2 0.70 21.76 22.47 NOTE
r-release-windows-ix86+x86_64 0.4-2 3.00 26.00 29.00 OK
r-release-osx-x86_64 0.4-2 NOTE
r-oldrel-windows-ix86+x86_64 0.4-2 2.00 26.00 28.00 OK
r-oldrel-osx-x86_64 0.4-2 NOTE

Check Details

Version: 0.4-2
Check: S3 generic/method consistency
Result: NOTE
    Found the following apparent S3 methods exported but not registered:
     [.cluster
    See section ‘Registering S3 methods’ in the ‘Writing R Extensions’
    manual.
Flavors: r-devel-linux-x86_64-debian-clang, r-devel-linux-x86_64-debian-gcc, r-devel-linux-x86_64-fedora-clang, r-devel-linux-x86_64-fedora-gcc, r-patched-linux-x86_64, r-patched-solaris-x86, r-release-linux-x86_64

Version: 0.4-2
Check: package dependencies
Result: NOTE
    Package suggested but not available for checking: ‘Rmpi’
Flavors: r-release-osx-x86_64, r-oldrel-osx-x86_64