Last updated on 2017-07-26 01:56:41.
Flavor | Version | Tinstall | Tcheck | Ttotal | Status | Flags |
---|---|---|---|---|---|---|
r-devel-linux-x86_64-debian-clang | 1.1.1 | 0.57 | 17.29 | 17.86 | NOTE | |
r-devel-linux-x86_64-debian-gcc | 1.1.1 | 0.56 | 17.27 | 17.84 | NOTE | |
r-devel-linux-x86_64-fedora-clang | 1.1.1 | 18.64 | NOTE | |||
r-devel-linux-x86_64-fedora-gcc | 1.1.1 | 21.62 | NOTE | |||
r-devel-windows-ix86+x86_64 | 1.1.1 | 5.00 | 26.00 | 31.00 | NOTE | |
r-patched-linux-x86_64 | 1.1.1 | 0.62 | 16.76 | 17.38 | NOTE | |
r-patched-solaris-x86 | 1.1.1 | 27.90 | NOTE | |||
r-release-linux-x86_64 | 1.1.1 | 0.60 | 17.39 | 17.98 | NOTE | |
r-release-windows-ix86+x86_64 | 1.1.1 | 2.00 | 33.00 | 35.00 | NOTE | |
r-release-osx-x86_64 | 1.1.1 | NOTE | ||||
r-oldrel-windows-ix86+x86_64 | 1.1.1 | 2.00 | 26.00 | 28.00 | NOTE | |
r-oldrel-osx-x86_64 | 1.1.1 | NOTE |
Version: 1.1.1
Check: R code for possible problems
Result: NOTE
plot.soma: no visible global function definition for ‘plot’
soma: no visible global function definition for ‘runif’
Undefined global functions or variables:
plot runif
Consider adding
importFrom("graphics", "plot")
importFrom("stats", "runif")
to your NAMESPACE file.
Flavors: r-devel-linux-x86_64-debian-clang, r-devel-linux-x86_64-debian-gcc, r-devel-linux-x86_64-fedora-clang, r-devel-linux-x86_64-fedora-gcc, r-devel-windows-ix86+x86_64, r-patched-linux-x86_64, r-patched-solaris-x86, r-release-linux-x86_64, r-release-windows-ix86+x86_64, r-release-osx-x86_64, r-oldrel-windows-ix86+x86_64, r-oldrel-osx-x86_64