CRAN Package Check Results for Package sophisthse

Last updated on 2017-07-26 01:56:41.

Flavor Version Tinstall Tcheck Ttotal Status Flags
r-devel-linux-x86_64-debian-clang 0.7.0 0.68 36.07 36.75 OK
r-devel-linux-x86_64-debian-gcc 0.7.0 0.67 37.65 38.32 OK
r-devel-linux-x86_64-fedora-clang 0.7.0 37.98 NOTE
r-devel-linux-x86_64-fedora-gcc 0.7.0 41.81 NOTE
r-devel-windows-ix86+x86_64 0.7.0 4.00 61.00 65.00 OK
r-patched-linux-x86_64 0.7.0 0.66 35.90 36.56 OK
r-patched-solaris-x86 0.7.0 52.10 NOTE
r-release-linux-x86_64 0.7.0 0.78 37.16 37.94 OK
r-release-windows-ix86+x86_64 0.7.0 2.00 59.00 61.00 OK
r-release-osx-x86_64 0.7.0 NOTE
r-oldrel-windows-ix86+x86_64 0.7.0 3.00 41.00 44.00 OK
r-oldrel-osx-x86_64 0.7.0 NOTE

Check Details

Version: 0.7.0
Check: data for non-ASCII characters
Result: NOTE
     Note: found 1320 marked UTF-8 strings
Flavors: r-devel-linux-x86_64-fedora-clang, r-devel-linux-x86_64-fedora-gcc, r-patched-solaris-x86, r-release-osx-x86_64, r-oldrel-osx-x86_64