Last updated on 2017-07-26 01:56:41.
Flavor | Version | Tinstall | Tcheck | Ttotal | Status | Flags |
---|---|---|---|---|---|---|
r-devel-linux-x86_64-debian-clang | 1.3.0 | 4.07 | 57.78 | 61.85 | OK | |
r-devel-linux-x86_64-debian-gcc | 1.3.0 | 3.92 | 56.79 | 60.71 | OK | |
r-devel-linux-x86_64-fedora-clang | 1.3.0 | 122.40 | OK | |||
r-devel-linux-x86_64-fedora-gcc | 1.3.0 | 137.44 | OK | |||
r-devel-windows-ix86+x86_64 | 1.3.0 | 22.00 | 115.00 | 137.00 | OK | |
r-patched-linux-x86_64 | 1.3.0 | 4.22 | 58.38 | 62.60 | OK | |
r-patched-solaris-x86 | 1.3.0 | 186.40 | OK | |||
r-release-linux-x86_64 | 1.3.0 | 4.06 | 61.27 | 65.33 | OK | |
r-release-windows-ix86+x86_64 | 1.3.0 | 13.00 | 117.00 | 130.00 | OK | |
r-release-osx-x86_64 | 1.3.0 | ERROR | ||||
r-oldrel-windows-ix86+x86_64 | 1.3.0 | 11.00 | 79.00 | 90.00 | OK | |
r-oldrel-osx-x86_64 | 1.3.0 | OK |
Version: 1.3.0
Check: package dependencies
Result: ERROR
Package required but not available: ‘Rglpk’
See section ‘The DESCRIPTION file’ in the ‘Writing R Extensions’
manual.
Flavor: r-release-osx-x86_64