Last updated on 2017-07-26 01:56:41.
Flavor | Version | Tinstall | Tcheck | Ttotal | Status | Flags |
---|---|---|---|---|---|---|
r-devel-linux-x86_64-debian-clang | 0.4-11 | 2.16 | 30.77 | 32.93 | OK | |
r-devel-linux-x86_64-debian-gcc | 0.4-11 | 2.28 | 31.68 | 33.97 | OK | |
r-devel-linux-x86_64-fedora-clang | 0.4-11 | 54.95 | OK | |||
r-devel-linux-x86_64-fedora-gcc | 0.4-11 | 49.01 | OK | |||
r-devel-windows-ix86+x86_64 | 0.4-11 | 7.00 | 52.00 | 59.00 | OK | |
r-patched-linux-x86_64 | 0.4-11 | 2.14 | 31.51 | 33.65 | OK | |
r-patched-solaris-x86 | 0.4-11 | 76.30 | NOTE | |||
r-release-linux-x86_64 | 0.4-11 | 2.50 | 31.98 | 34.47 | OK | |
r-release-windows-ix86+x86_64 | 0.4-11 | 6.00 | 63.00 | 69.00 | OK | |
r-release-osx-x86_64 | 0.4-11 | OK | ||||
r-oldrel-windows-ix86+x86_64 | 0.4-11 | 6.00 | 44.00 | 50.00 | OK | |
r-oldrel-osx-x86_64 | 0.4-11 | OK |
Version: 0.4-11
Check: package dependencies
Result: NOTE
Package suggested but not available for checking: ‘RMySQL’
Flavor: r-patched-solaris-x86