Last updated on 2017-07-26 01:56:42.
Flavor | Version | Tinstall | Tcheck | Ttotal | Status | Flags |
---|---|---|---|---|---|---|
r-devel-linux-x86_64-debian-clang | 0.2.1 | 3.20 | 63.15 | 66.35 | OK | |
r-devel-linux-x86_64-debian-gcc | 0.2.1 | 3.12 | 60.62 | 63.74 | OK | |
r-devel-linux-x86_64-fedora-clang | 0.2.1 | 127.95 | OK | |||
r-devel-linux-x86_64-fedora-gcc | 0.2.1 | 124.53 | OK | |||
r-devel-windows-ix86+x86_64 | 0.2.1 | 11.00 | 129.00 | 140.00 | OK | |
r-patched-linux-x86_64 | 0.2.1 | 3.04 | 61.34 | 64.38 | OK | |
r-patched-solaris-x86 | 0.2.1 | 181.40 | OK | |||
r-release-linux-x86_64 | 0.2.1 | 3.22 | 64.11 | 67.32 | OK | |
r-release-windows-ix86+x86_64 | 0.2.1 | 7.00 | 132.00 | 139.00 | OK | |
r-release-osx-x86_64 | 0.2.1 | OK | ||||
r-oldrel-windows-ix86+x86_64 | 0.2.1 | 8.00 | 84.00 | 92.00 | OK | |
r-oldrel-osx-x86_64 | 0.2.1 | ERROR |
Version: 0.2.1
Check: whether package can be installed
Result: ERROR
Installation failed.
Flavor: r-oldrel-osx-x86_64