CRAN Package Check Results for Package stepR

Last updated on 2017-07-26 01:56:42.

Flavor Version Tinstall Tcheck Ttotal Status Flags
r-devel-linux-x86_64-debian-clang 2.0-1 78.31 161.21 239.52 OK
r-devel-linux-x86_64-debian-gcc 2.0-1 76.72 156.63 233.35 OK
r-devel-linux-x86_64-fedora-clang 2.0-1 453.70 OK
r-devel-linux-x86_64-fedora-gcc 2.0-1 411.84 NOTE
r-devel-windows-ix86+x86_64 2.0-1 336.00 375.00 711.00 OK
r-patched-linux-x86_64 2.0-1 74.65 156.08 230.73 OK
r-patched-solaris-x86 2.0-1 455.30 OK
r-release-linux-x86_64 2.0-1 74.56 155.54 230.10 OK
r-release-windows-ix86+x86_64 2.0-1 226.00 450.00 676.00 OK
r-release-osx-x86_64 2.0-1 WARN
r-oldrel-windows-ix86+x86_64 2.0-1 242.00 355.00 597.00 OK
r-oldrel-osx-x86_64 2.0-1 OK

Check Details

Version: 2.0-1
Check: installed package size
Result: NOTE
     installed size is 6.5Mb
     sub-directories of 1Mb or more:
     libs 5.6Mb
Flavor: r-devel-linux-x86_64-fedora-gcc

Version: 2.0-1
Check: re-building of vignette outputs
Result: WARN
    Error in re-building vignettes:
     ...
    Warning: running command 'kpsewhich framed.sty' had status 1
    Warning in test_latex_pkg("framed", system.file("misc", "framed.sty", package = "knitr")) :
     unable to find LaTeX package 'framed'; will use a copy from knitr
    Successfully loaded stepR package version 2.0-1.
    Several new functions are added in version 2.0-0. Some older functions are deprecated (still working) and may be defunct in a later version. Please read the documentation for more details.
    Error in texi2dvi(file = file, pdf = TRUE, clean = clean, quiet = quiet, :
     Running 'texi2dvi' on 'StepR.tex' failed.
    LaTeX errors:
    ! LaTeX Error: File `floatrow.sty' not found.
    
    Type X to quit or <RETURN> to proceed,
    or enter new name. (Default extension: sty)
    
    ! Emergency stop.
    <read *>
    
    l.56 \usepackage
     {url}^^M
    ! ==> Fatal error occurred, no output PDF file produced!
    Calls: buildVignettes -> texi2pdf -> texi2dvi
    Execution halted
Flavor: r-release-osx-x86_64