CRAN Package Check Results for Package survHE

Last updated on 2017-07-26 01:56:42.

Flavor Version Tinstall Tcheck Ttotal Status Flags
r-devel-linux-x86_64-debian-clang 1.0.6 213.06 107.62 320.68 NOTE
r-devel-linux-x86_64-debian-gcc 1.0.6 192.32 103.56 295.89 NOTE
r-devel-linux-x86_64-fedora-clang 1.0.6 602.98 NOTE
r-devel-linux-x86_64-fedora-gcc 1.0.6 566.11 NOTE
r-devel-windows-ix86+x86_64 1.0.6 551.00 350.00 901.00 WARN
r-patched-linux-x86_64 1.0.6 184.41 105.09 289.49 NOTE
r-patched-solaris-x86 1.0.6 566.00 NOTE
r-release-linux-x86_64 1.0.6 192.85 106.09 298.94 NOTE
r-release-windows-ix86+x86_64 1.0.6 406.00 348.00 754.00 NOTE
r-release-osx-x86_64 1.0.6 NOTE
r-oldrel-windows-ix86+x86_64 1.0.6 443.00 260.00 703.00 NOTE
r-oldrel-osx-x86_64 1.0.6 NOTE

Check Details

Version: 1.0.6
Check: package dependencies
Result: NOTE
    Package suggested but not available for checking: ‘INLA’
Flavors: r-devel-linux-x86_64-debian-clang, r-devel-linux-x86_64-debian-gcc, r-patched-linux-x86_64, r-patched-solaris-x86, r-release-linux-x86_64, r-release-osx-x86_64, r-oldrel-osx-x86_64

Version: 1.0.6
Check: installed package size
Result: NOTE
     installed size is 64.6Mb
     sub-directories of 1Mb or more:
     libs 63.9Mb
Flavors: r-devel-linux-x86_64-fedora-clang, r-devel-linux-x86_64-fedora-gcc, r-devel-windows-ix86+x86_64, r-patched-solaris-x86, r-release-windows-ix86+x86_64, r-release-osx-x86_64, r-oldrel-windows-ix86+x86_64, r-oldrel-osx-x86_64

Version: 1.0.6
Check: whether package can be installed
Result: WARN
    Found the following significant warnings:
     d:/RCompile/CRANpkg/lib/3.5/BH/include/boost/math/special_functions/detail/bernoulli_details.hpp:128:36: warning: ISO C++ 1998 does not support 'long long' [-Wlong-long]
     d:/RCompile/CRANpkg/lib/3.5/BH/include/boost/math/special_functions/detail/bernoulli_details.hpp:152:9: warning: ISO C++ 1998 does not support 'long long' [-Wlong-long]
Flavor: r-devel-windows-ix86+x86_64