Last updated on 2017-07-26 01:56:43.
Flavor | Version | Tinstall | Tcheck | Ttotal | Status | Flags |
---|---|---|---|---|---|---|
r-devel-linux-x86_64-debian-clang | 0.9 | 0.99 | 24.69 | 25.68 | OK | |
r-devel-linux-x86_64-debian-gcc | 0.9 | 1.00 | 23.74 | 24.73 | OK | |
r-devel-linux-x86_64-fedora-clang | 0.9 | 32.10 | OK | |||
r-devel-linux-x86_64-fedora-gcc | 0.9 | 30.58 | OK | |||
r-devel-windows-ix86+x86_64 | 0.9 | 5.00 | 40.00 | 45.00 | OK | |
r-patched-linux-x86_64 | 0.9 | 1.13 | 23.75 | 24.88 | OK | |
r-patched-solaris-x86 | 0.9 | 3.30 | ERROR | |||
r-release-linux-x86_64 | 0.9 | 0.96 | 23.60 | 24.56 | OK | |
r-release-windows-ix86+x86_64 | 0.9 | 4.00 | 56.00 | 60.00 | OK | |
r-release-osx-x86_64 | 0.9 | OK | ||||
r-oldrel-windows-ix86+x86_64 | 0.9 | 3.00 | 35.00 | 38.00 | OK | |
r-oldrel-osx-x86_64 | 0.9 | OK |
Version: 0.9
Check: package dependencies
Result: ERROR
Package required but not available: ‘processx’
See section ‘The DESCRIPTION file’ in the ‘Writing R Extensions’
manual.
Flavor: r-patched-solaris-x86