CRAN Package Check Results for Package tetraclasse

Last updated on 2017-07-26 01:56:43.

Flavor Version Tinstall Tcheck Ttotal Status Flags
r-devel-linux-x86_64-debian-clang 0.1.21 1.65 31.02 32.66 OK
r-devel-linux-x86_64-debian-gcc 0.1.21 1.68 30.10 31.78 OK
r-devel-linux-x86_64-fedora-clang 0.1.21 48.12 OK
r-devel-linux-x86_64-fedora-gcc 0.1.21 47.62 OK
r-devel-windows-ix86+x86_64 0.1.21 11.00 71.00 82.00 OK
r-patched-linux-x86_64 0.1.21 1.68 30.74 32.43 OK
r-patched-solaris-x86 0.1.21 69.50 OK
r-release-linux-x86_64 0.1.21 1.87 30.40 32.27 OK
r-release-windows-ix86+x86_64 0.1.21 5.00 71.00 76.00 OK
r-release-osx-x86_64 0.1.21 OK
r-oldrel-windows-ix86+x86_64 0.1.21 5.00 49.00 54.00 OK
r-oldrel-osx-x86_64 0.1.21 WARN

Check Details

Version: 0.1.21
Check: whether package can be installed
Result: WARN
    Found the following significant warnings:
     Warning: Installed Rcpp (0.12.12) different from Rcpp used to build dplyr (0.12.11).
Flavor: r-oldrel-osx-x86_64