Last updated on 2017-07-26 01:56:43.
Flavor | Version | Tinstall | Tcheck | Ttotal | Status | Flags |
---|---|---|---|---|---|---|
r-devel-linux-x86_64-debian-clang | 0.4.0 | 57.99 | 128.32 | 186.31 | NOTE | |
r-devel-linux-x86_64-debian-gcc | 0.4.0 | 63.71 | 121.40 | 185.11 | NOTE | |
r-devel-linux-x86_64-fedora-clang | 0.4.0 | 364.80 | NOTE | |||
r-devel-linux-x86_64-fedora-gcc | 0.4.0 | 355.85 | NOTE | |||
r-devel-windows-ix86+x86_64 | 0.4.0 | 251.00 | 277.00 | 528.00 | NOTE | |
r-patched-linux-x86_64 | 0.4.0 | 62.83 | 121.88 | 184.71 | NOTE | |
r-patched-solaris-x86 | 0.4.0 | 896.50 | NOTE | |||
r-release-linux-x86_64 | 0.4.0 | 62.62 | 123.21 | 185.84 | NOTE | |
r-release-windows-ix86+x86_64 | 0.4.0 | 170.00 | 331.00 | 501.00 | NOTE | |
r-release-osx-x86_64 | 0.4.0 | NOTE | ||||
r-oldrel-windows-ix86+x86_64 | 0.4.0 | 184.00 | 226.00 | 410.00 | NOTE | |
r-oldrel-osx-x86_64 | 0.4.0 | NOTE |
Version: 0.4.0
Check: for GNU extensions in Makefiles
Result: NOTE
GNU make is a SystemRequirements.
Flavors: r-devel-linux-x86_64-debian-clang, r-devel-linux-x86_64-debian-gcc, r-devel-linux-x86_64-fedora-clang, r-devel-linux-x86_64-fedora-gcc, r-devel-windows-ix86+x86_64, r-patched-linux-x86_64, r-patched-solaris-x86, r-release-linux-x86_64, r-release-windows-ix86+x86_64, r-release-osx-x86_64, r-oldrel-windows-ix86+x86_64, r-oldrel-osx-x86_64
Version: 0.4.0
Check: compiled code
Result: NOTE
File ‘text2vec/libs/text2vec.so’:
Found no calls to: ‘R_registerRoutines’, ‘R_useDynamicSymbols’
It is good practice to register native routines and to disable symbol
search.
See ‘Writing portable packages’ in the ‘Writing R Extensions’ manual.
Flavors: r-devel-linux-x86_64-debian-clang, r-devel-linux-x86_64-debian-gcc, r-devel-linux-x86_64-fedora-clang, r-devel-linux-x86_64-fedora-gcc, r-patched-linux-x86_64, r-release-linux-x86_64
Version: 0.4.0
Check: installed package size
Result: NOTE
installed size is 13.8Mb
sub-directories of 1Mb or more:
data 2.7Mb
doc 3.5Mb
libs 7.4Mb
Flavors: r-devel-linux-x86_64-fedora-clang, r-devel-linux-x86_64-fedora-gcc, r-devel-windows-ix86+x86_64, r-patched-solaris-x86, r-release-windows-ix86+x86_64, r-release-osx-x86_64, r-oldrel-windows-ix86+x86_64, r-oldrel-osx-x86_64
Version: 0.4.0
Check: dependencies in R code
Result: NOTE
Namespace in Imports field not imported from: ‘irlba’
All declared Imports should be used.
Flavors: r-devel-linux-x86_64-fedora-clang, r-devel-linux-x86_64-fedora-gcc, r-patched-solaris-x86, r-release-osx-x86_64, r-oldrel-osx-x86_64