CRAN Package Check Results for Package textreuse

Last updated on 2017-07-26 01:56:43.

Flavor Version Tinstall Tcheck Ttotal Status Flags
r-devel-linux-x86_64-debian-clang 0.1.4 20.11 42.07 62.18 NOTE
r-devel-linux-x86_64-debian-gcc 0.1.4 19.94 40.92 60.86 NOTE
r-devel-linux-x86_64-fedora-clang 0.1.4 104.93 NOTE
r-devel-linux-x86_64-fedora-gcc 0.1.4 96.33 NOTE
r-devel-windows-ix86+x86_64 0.1.4 81.00 92.00 173.00 OK
r-patched-linux-x86_64 0.1.4 19.41 41.80 61.22 NOTE
r-patched-solaris-x86 0.1.4 116.30 OK
r-release-linux-x86_64 0.1.4 19.35 40.89 60.24 NOTE
r-release-windows-ix86+x86_64 0.1.4 61.00 110.00 171.00 OK
r-release-osx-x86_64 0.1.4 OK
r-oldrel-windows-ix86+x86_64 0.1.4 59.00 81.00 140.00 OK
r-oldrel-osx-x86_64 0.1.4 OK

Check Details

Version: 0.1.4
Check: compiled code
Result: NOTE
    File ‘textreuse/libs/textreuse.so’:
     Found no calls to: ‘R_registerRoutines’, ‘R_useDynamicSymbols’
    
    It is good practice to register native routines and to disable symbol
    search.
    
    See ‘Writing portable packages’ in the ‘Writing R Extensions’ manual.
Flavors: r-devel-linux-x86_64-debian-clang, r-devel-linux-x86_64-debian-gcc, r-devel-linux-x86_64-fedora-clang, r-devel-linux-x86_64-fedora-gcc, r-patched-linux-x86_64, r-release-linux-x86_64