Last updated on 2017-07-26 01:56:43.
Flavor | Version | Tinstall | Tcheck | Ttotal | Status | Flags |
---|---|---|---|---|---|---|
r-devel-linux-x86_64-debian-clang | 1.3.3 | 9.24 | 33.16 | 42.40 | OK | |
r-devel-linux-x86_64-debian-gcc | 1.3.3 | 9.58 | 33.38 | 42.95 | OK | |
r-devel-linux-x86_64-fedora-clang | 1.3.3 | 69.40 | OK | |||
r-devel-linux-x86_64-fedora-gcc | 1.3.3 | 65.00 | OK | |||
r-devel-windows-ix86+x86_64 | 1.3.3 | 41.00 | 82.00 | 123.00 | OK | |
r-patched-linux-x86_64 | 1.3.3 | 9.80 | 32.71 | 42.51 | OK | |
r-patched-solaris-x86 | 1.3.3 | 76.60 | NOTE | |||
r-release-linux-x86_64 | 1.3.3 | 9.80 | 32.62 | 42.42 | OK | |
r-release-windows-ix86+x86_64 | 1.3.3 | 32.00 | 93.00 | 125.00 | OK | |
r-release-osx-x86_64 | 1.3.3 | OK | ||||
r-oldrel-windows-ix86+x86_64 | 1.3.3 | 33.00 | 64.00 | 97.00 | OK | |
r-oldrel-osx-x86_64 | 1.3.3 | OK |
Version: 1.3.3
Check: package dependencies
Result: NOTE
Package suggested but not available for checking: ‘microbenchmark’
Flavor: r-patched-solaris-x86