Last updated on 2017-07-26 01:56:44.
Flavor | Version | Tinstall | Tcheck | Ttotal | Status | Flags |
---|---|---|---|---|---|---|
r-devel-linux-x86_64-debian-clang | 1.5.0 | 11.78 | 88.54 | 100.31 | OK | |
r-devel-linux-x86_64-debian-gcc | 1.5.0 | 11.27 | 87.00 | 98.27 | OK | |
r-devel-linux-x86_64-fedora-clang | 1.5.0 | 196.65 | OK | |||
r-devel-linux-x86_64-fedora-gcc | 1.5.0 | 194.52 | OK | |||
r-devel-windows-ix86+x86_64 | 1.5.0 | 35.00 | 161.00 | 196.00 | OK | |
r-patched-linux-x86_64 | 1.5.0 | 11.95 | 88.90 | 100.85 | OK | |
r-patched-solaris-x86 | 1.5.0 | 268.10 | OK | |||
r-release-linux-x86_64 | 1.5.0 | 11.95 | 89.03 | 100.99 | OK | |
r-release-windows-ix86+x86_64 | 1.5.0 | 25.00 | 196.00 | 221.00 | OK | |
r-release-osx-x86_64 | 1.5.0 | WARN | ||||
r-oldrel-windows-ix86+x86_64 | 1.5.0 | 25.00 | 142.00 | 167.00 | OK | |
r-oldrel-osx-x86_64 | 1.5.0 | OK |
Version: 1.5.0
Check: package dependencies
Result: NOTE
Package suggested but not available for checking: ‘rgdal’
Flavor: r-release-osx-x86_64
Version: 1.5.0
Check: Rd cross-references
Result: NOTE
Package unavailable to check Rd xrefs: ‘rgdal’
Flavor: r-release-osx-x86_64
Version: 1.5.0
Check: re-building of vignette outputs
Result: WARN
Error in re-building vignettes:
...
Warning in engine$weave(file, quiet = quiet, encoding = enc) :
Pandoc (>= 1.12.3) and/or pandoc-citeproc not available. Falling back to R Markdown v1.
Quitting from lines 62-71 (trip.Rmd)
Error: processing vignette 'trip.Rmd' failed with diagnostics:
there is no package called 'rgdal'
Execution halted
Flavor: r-release-osx-x86_64