Last updated on 2017-07-26 01:56:44.
Flavor | Version | Tinstall | Tcheck | Ttotal | Status | Flags |
---|---|---|---|---|---|---|
r-devel-linux-x86_64-debian-clang | 2.0-9 | 3.18 | 29.05 | 32.23 | NOTE | |
r-devel-linux-x86_64-debian-gcc | 2.0-9 | 3.31 | 28.77 | 32.08 | NOTE | |
r-devel-linux-x86_64-fedora-clang | 2.0-9 | 33.33 | NOTE | |||
r-devel-linux-x86_64-fedora-gcc | 2.0-9 | 31.79 | NOTE | |||
r-devel-windows-ix86+x86_64 | 2.0-9 | 10.00 | 48.00 | 58.00 | OK | |
r-patched-linux-x86_64 | 2.0-9 | 3.10 | 29.00 | 32.09 | NOTE | |
r-patched-solaris-x86 | 2.0-9 | 45.50 | OK | |||
r-release-linux-x86_64 | 2.0-9 | 3.01 | 28.87 | 31.88 | NOTE | |
r-release-windows-ix86+x86_64 | 2.0-9 | 8.00 | 43.00 | 51.00 | OK | |
r-release-osx-x86_64 | 2.0-9 | OK | ||||
r-oldrel-windows-ix86+x86_64 | 2.0-5 | 13.00 | 4.00 | 17.00 | ERROR | |
r-oldrel-osx-x86_64 | 2.0-9 | OK |
Version: 2.0-9
Check: compiled code
Result: NOTE
File ‘uroot/libs/uroot.so’:
Found no calls to: ‘R_registerRoutines’, ‘R_useDynamicSymbols’
It is good practice to register native routines and to disable symbol
search.
See ‘Writing portable packages’ in the ‘Writing R Extensions’ manual.
Flavors: r-devel-linux-x86_64-debian-clang, r-devel-linux-x86_64-debian-gcc, r-devel-linux-x86_64-fedora-clang, r-devel-linux-x86_64-fedora-gcc, r-patched-linux-x86_64, r-release-linux-x86_64
Version: 2.0-5
Check: whether package can be installed
Result: ERROR
Installation failed.
Flavor: r-oldrel-windows-ix86+x86_64