CRAN Package Check Results for Package vegalite

Last updated on 2017-07-26 01:56:44.

Flavor Version Tinstall Tcheck Ttotal Status Flags
r-devel-linux-x86_64-debian-clang 0.6.1 1.65 43.64 45.29 OK
r-devel-linux-x86_64-debian-gcc 0.6.1 1.73 42.61 44.34 OK
r-devel-linux-x86_64-fedora-clang 0.6.1 59.86 OK
r-devel-linux-x86_64-fedora-gcc 0.6.1 57.65 OK
r-devel-windows-ix86+x86_64 0.6.1 11.00 67.00 78.00 ERROR
r-patched-linux-x86_64 0.6.1 1.76 43.32 45.09 OK
r-patched-solaris-x86 0.6.1 73.60 WARN
r-release-linux-x86_64 0.6.1 1.67 43.73 45.40 OK
r-release-windows-ix86+x86_64 0.6.1 6.00 94.00 100.00 ERROR
r-release-osx-x86_64 0.6.1 WARN
r-oldrel-windows-ix86+x86_64 0.6.1 6.00 53.00 59.00 ERROR
r-oldrel-osx-x86_64 0.6.1 OK

Check Details

Version: 0.6.1
Check: examples
Result: ERROR
    Running examples in 'vegalite-Ex.R' failed
    The error most likely occurred in:
    
    > ### Name: from_spec
    > ### Title: Take a JSON Vega-Lite Spec and render as an htmlwidget
    > ### Aliases: from_spec
    >
    > ### ** Examples
    >
    > from_spec("http://rud.is/dl/embedded.json")
    Warning in file(con, "r") :
     InternetOpenUrl failed: 'Eine Umleitungsanforderung √§ndert eine nicht sichere in eine sichere Verbindung.'
    Error in file(con, "r") : cannot open the connection
    Calls: from_spec -> readLines -> file
    Execution halted
Flavors: r-devel-windows-ix86+x86_64, r-release-windows-ix86+x86_64, r-oldrel-windows-ix86+x86_64

Version: 0.6.1
Check: re-building of vignette outputs
Result: WARN
    Error in re-building vignettes:
     ...
    Warning in engine$weave(file, quiet = quiet, encoding = enc) :
     Pandoc (>= 1.12.3) and/or pandoc-citeproc not available. Falling back to R Markdown v1.
    Quitting from lines 24-36 (intro_to_vegalite.Rmd)
    Error: processing vignette 'intro_to_vegalite.Rmd' failed with diagnostics:
    cannot open the connection
    Execution halted
Flavors: r-patched-solaris-x86, r-release-osx-x86_64