CRAN Package Check Results for Package vegclust

Last updated on 2017-07-26 01:56:44.

Flavor Version Tinstall Tcheck Ttotal Status Flags
r-devel-linux-x86_64-debian-clang 1.6.5 3.33 70.13 73.47 OK
r-devel-linux-x86_64-debian-gcc 1.6.5 2.96 68.65 71.61 OK
r-devel-linux-x86_64-fedora-clang 1.6.5 134.58 OK
r-devel-linux-x86_64-fedora-gcc 1.6.5 135.03 OK
r-devel-windows-ix86+x86_64 1.6.5 14.00 116.00 130.00 OK
r-patched-linux-x86_64 1.6.5 2.99 70.50 73.49 OK
r-patched-solaris-x86 1.6.5 172.00 OK
r-release-linux-x86_64 1.6.5 3.20 71.23 74.43 OK
r-release-windows-ix86+x86_64 1.6.5 9.00 147.00 156.00 OK
r-release-osx-x86_64 1.6.5 NOTE
r-oldrel-windows-ix86+x86_64 1.6.5 8.00 107.00 115.00 OK
r-oldrel-osx-x86_64 1.6.5 OK

Check Details

Version: 1.6.5
Check: re-building of vignette outputs
Result: NOTE
    Error in re-building vignettes:
     ...
    Loading required package: vegan
    Loading required package: permute
    Loading required package: lattice
    This is vegan 2.4-2
    Error in texi2dvi(file = file, pdf = TRUE, clean = clean, quiet = quiet, :
     Running 'texi2dvi' on 'MedRegExample.tex' failed.
    LaTeX errors:
    ! LaTeX Error: File `authblk.sty' not found.
    
    Type X to quit or <RETURN> to proceed,
    or enter new name. (Default extension: sty)
    
    ! Emergency stop.
    <read *>
    
    l.5 ^^M
    
    ! ==> Fatal error occurred, no output PDF file produced!
    Calls: buildVignettes -> texi2pdf -> texi2dvi
    Execution halted
Flavor: r-release-osx-x86_64