Last updated on 2017-07-26 01:56:45.
Flavor | Version | Tinstall | Tcheck | Ttotal | Status | Flags |
---|---|---|---|---|---|---|
r-devel-linux-x86_64-debian-clang | 2.0.0 | 1.96 | 49.01 | 50.97 | OK | |
r-devel-linux-x86_64-debian-gcc | 2.0.0 | 1.99 | 48.33 | 50.31 | OK | |
r-devel-linux-x86_64-fedora-clang | 2.0.0 | 68.05 | NOTE | |||
r-devel-linux-x86_64-fedora-gcc | 2.0.0 | 65.85 | NOTE | |||
r-devel-windows-ix86+x86_64 | 2.0.0 | 15.00 | 106.00 | 121.00 | NOTE | |
r-patched-linux-x86_64 | 2.0.0 | 2.16 | 49.78 | 51.95 | OK | |
r-patched-solaris-x86 | 2.0.0 | 82.40 | WARN | |||
r-release-linux-x86_64 | 2.0.0 | 2.03 | 49.40 | 51.42 | OK | |
r-release-windows-ix86+x86_64 | 2.0.0 | 10.00 | 118.00 | 128.00 | NOTE | |
r-release-osx-x86_64 | 2.0.0 | WARN | ||||
r-oldrel-windows-ix86+x86_64 | 2.0.0 | 10.00 | 75.00 | 85.00 | NOTE | |
r-oldrel-osx-x86_64 | 2.0.0 | WARN |
Version: 2.0.0
Check: installed package size
Result: NOTE
installed size is 8.9Mb
sub-directories of 1Mb or more:
doc 4.8Mb
htmlwidgets 3.7Mb
Flavors: r-devel-linux-x86_64-fedora-clang, r-devel-linux-x86_64-fedora-gcc, r-devel-windows-ix86+x86_64, r-patched-solaris-x86, r-release-windows-ix86+x86_64, r-release-osx-x86_64, r-oldrel-windows-ix86+x86_64, r-oldrel-osx-x86_64
Version: 2.0.0
Check: re-building of vignette outputs
Result: WARN
Error in re-building vignettes:
...
Warning in engine$weave(file, quiet = quiet, encoding = enc) :
Pandoc (>= 1.12.3) and/or pandoc-citeproc not available. Falling back to R Markdown v1.
Quitting from lines 22-27 (Introduction-to-visNetwork.Rmd)
Error: processing vignette 'Introduction-to-visNetwork.Rmd' failed with diagnostics:
cannot open the connection
Execution halted
Flavors: r-patched-solaris-x86, r-release-osx-x86_64, r-oldrel-osx-x86_64