Last updated on 2017-07-26 01:56:45.
Flavor | Version | Tinstall | Tcheck | Ttotal | Status | Flags |
---|---|---|---|---|---|---|
r-devel-linux-x86_64-debian-clang | 0.6.4 | 1.08 | 21.21 | 22.28 | OK | |
r-devel-linux-x86_64-debian-gcc | 0.6.4 | 1.03 | 21.22 | 22.25 | OK | |
r-devel-linux-x86_64-fedora-clang | 0.6.4 | 28.41 | NOTE | |||
r-devel-linux-x86_64-fedora-gcc | 0.6.4 | 27.72 | NOTE | |||
r-devel-windows-ix86+x86_64 | 0.6.4 | 7.00 | 46.00 | 53.00 | OK | |
r-patched-linux-x86_64 | 0.6.4 | 1.06 | 21.18 | 22.23 | OK | |
r-patched-solaris-x86 | 0.6.4 | 42.50 | NOTE | |||
r-release-linux-x86_64 | 0.6.4 | 1.14 | 21.25 | 22.38 | OK | |
r-release-windows-ix86+x86_64 | 0.6.4 | 5.00 | 58.00 | 63.00 | OK | |
r-release-osx-x86_64 | 0.6.4 | NOTE | ||||
r-oldrel-windows-ix86+x86_64 | 0.6.4 | 5.00 | 34.00 | 39.00 | OK | |
r-oldrel-osx-x86_64 | 0.6.4 | NOTE |
Version: 0.6.4
Check: dependencies in R code
Result: NOTE
Namespaces in Imports field not imported from:
‘DT’ ‘ENMeval’ ‘RColorBrewer’ ‘devtools’ ‘dismo’ ‘dplyr’ ‘maptools’
‘raster’ ‘rgdal’ ‘rgeos’ ‘rmarkdown’ ‘shinyBS’ ‘shinyjs’
‘shinythemes’ ‘spThin’ ‘spocc’
All declared Imports should be used.
Flavors: r-devel-linux-x86_64-fedora-clang, r-devel-linux-x86_64-fedora-gcc, r-patched-solaris-x86, r-release-osx-x86_64, r-oldrel-osx-x86_64