Last updated on 2017-07-26 01:56:45.
Flavor | Version | Tinstall | Tcheck | Ttotal | Status | Flags |
---|---|---|---|---|---|---|
r-devel-linux-x86_64-debian-clang | 0.6 | 1.22 | 19.69 | 20.92 | OK | |
r-devel-linux-x86_64-debian-gcc | 0.6 | 1.04 | 19.37 | 20.41 | OK | |
r-devel-linux-x86_64-fedora-clang | 0.6 | 24.93 | OK | |||
r-devel-linux-x86_64-fedora-gcc | 0.6 | 24.70 | OK | |||
r-devel-windows-ix86+x86_64 | 0.6 | 9.00 | 71.00 | 80.00 | OK | |
r-patched-linux-x86_64 | 0.6 | 1.01 | 19.64 | 20.65 | OK | |
r-patched-solaris-x86 | 0.6 | 37.90 | OK | |||
r-release-linux-x86_64 | 0.6 | 1.07 | 19.69 | 20.77 | OK | |
r-release-windows-ix86+x86_64 | 0.6 | 10.00 | 48.00 | 58.00 | ERROR | |
r-release-osx-x86_64 | 0.6 | OK | ||||
r-oldrel-windows-ix86+x86_64 | 0.6 | 6.00 | 49.00 | 55.00 | OK | |
r-oldrel-osx-x86_64 | 0.6 | OK |
Version: 0.6
Check: running tests for arch ‘i386’
Result: ERROR
Running 'testthat.R' [26s]
Running the tests in 'tests/testthat.R' failed.
Last 13 lines of output:
> library(webutils)
>
> test_check("webutils")
Error: attempt to apply non-function
1. Error: Echo a big file (@test-echo.R#51) ------------------------------------
Operation was aborted by an application callback
1: curl::curl_echo(h) at testthat/test-echo.R:51
2: curl_fetch_memory(paste0("http://localhost:", port, "/"), handle = handle)
testthat results ================================================================
OK: 26 SKIPPED: 0 FAILED: 1
1. Error: Echo a big file (@test-echo.R#51)
Error: testthat unit tests failed
Execution halted
Flavor: r-release-windows-ix86+x86_64