CRAN Package Check Results for Package whisker

Last updated on 2017-07-26 01:56:45.

Flavor Version Tinstall Tcheck Ttotal Status Flags
r-devel-linux-x86_64-debian-clang 0.3-2 0.63 17.59 18.22 NOTE
r-devel-linux-x86_64-debian-gcc 0.3-2 0.60 17.11 17.71 NOTE
r-devel-linux-x86_64-fedora-clang 0.3-2 18.52 NOTE
r-devel-linux-x86_64-fedora-gcc 0.3-2 18.86 NOTE
r-devel-windows-ix86+x86_64 0.3-2 5.00 26.00 31.00 NOTE
r-patched-linux-x86_64 0.3-2 0.66 17.69 18.35 NOTE
r-patched-solaris-x86 0.3-2 26.90 NOTE
r-release-linux-x86_64 0.3-2 0.64 17.17 17.82 NOTE
r-release-windows-ix86+x86_64 0.3-2 3.00 34.00 37.00 NOTE
r-release-osx-x86_64 0.3-2 NOTE
r-oldrel-windows-ix86+x86_64 0.3-2 2.00 25.00 27.00 NOTE
r-oldrel-osx-x86_64 0.3-2 NOTE

Check Details

Version: 0.3-2
Check: DESCRIPTION meta-information
Result: NOTE
    Malformed Description field: should contain one or more complete sentences.
Flavors: r-devel-linux-x86_64-debian-clang, r-devel-linux-x86_64-debian-gcc, r-devel-linux-x86_64-fedora-clang, r-devel-linux-x86_64-fedora-gcc, r-devel-windows-ix86+x86_64, r-patched-linux-x86_64, r-patched-solaris-x86, r-release-linux-x86_64, r-release-windows-ix86+x86_64, r-release-osx-x86_64, r-oldrel-windows-ix86+x86_64, r-oldrel-osx-x86_64

Version: 0.3-2
Check: dependencies in R code
Result: NOTE
    'library' or 'require' call to ‘markdown’ in package code.
     Please use :: or requireNamespace() instead.
     See section 'Suggested packages' in the 'Writing R Extensions' manual.
Flavors: r-devel-linux-x86_64-debian-clang, r-devel-linux-x86_64-debian-gcc, r-devel-linux-x86_64-fedora-clang, r-devel-linux-x86_64-fedora-gcc, r-devel-windows-ix86+x86_64, r-patched-linux-x86_64, r-patched-solaris-x86, r-release-linux-x86_64, r-release-windows-ix86+x86_64, r-release-osx-x86_64, r-oldrel-windows-ix86+x86_64, r-oldrel-osx-x86_64