CRAN Package Check Results for Package yuima

Last updated on 2017-07-26 01:56:45.

Flavor Version Tinstall Tcheck Ttotal Status Flags
r-devel-linux-x86_64-debian-clang 1.6.4 27.76 137.42 165.18 NOTE
r-devel-linux-x86_64-debian-gcc 1.6.4 28.90 133.26 162.17 NOTE
r-devel-linux-x86_64-fedora-clang 1.6.4 244.19 NOTE
r-devel-linux-x86_64-fedora-gcc 1.6.4 230.29 NOTE
r-devel-windows-ix86+x86_64 1.6.4 110.00 278.00 388.00 OK
r-patched-linux-x86_64 1.6.4 28.94 138.78 167.72 NOTE
r-patched-solaris-x86 1.6.4 338.10 NOTE
r-release-linux-x86_64 1.6.4 28.90 138.20 167.10 NOTE
r-release-windows-ix86+x86_64 1.6.4 78.00 324.00 402.00 OK
r-release-osx-x86_64 1.6.4 OK
r-oldrel-windows-ix86+x86_64 1.6.4 84.00 243.00 327.00 OK
r-oldrel-osx-x86_64 1.6.4 OK

Additional issues

valgrind

Check Details

Version: 1.6.4
Check: S3 generic/method consistency
Result: NOTE
    Found the following apparent S3 methods exported but not registered:
     cbind.yuima
    See section ‘Registering S3 methods’ in the ‘Writing R Extensions’
    manual.
Flavors: r-devel-linux-x86_64-debian-clang, r-devel-linux-x86_64-debian-gcc, r-devel-linux-x86_64-fedora-clang, r-devel-linux-x86_64-fedora-gcc, r-patched-linux-x86_64, r-patched-solaris-x86, r-release-linux-x86_64