Last updated on 2017-07-26 01:56:45.
Flavor | Version | Tinstall | Tcheck | Ttotal | Status | Flags |
---|---|---|---|---|---|---|
r-devel-linux-x86_64-debian-clang | 0.4 | 0.99 | 22.46 | 23.45 | NOTE | |
r-devel-linux-x86_64-debian-gcc | 0.4 | 0.88 | 21.86 | 22.74 | NOTE | |
r-devel-linux-x86_64-fedora-clang | 0.4 | 27.30 | NOTE | |||
r-devel-linux-x86_64-fedora-gcc | 0.4 | 26.26 | NOTE | |||
r-devel-windows-ix86+x86_64 | 0.4 | 5.00 | 33.00 | 38.00 | NOTE | |
r-patched-linux-x86_64 | 0.4 | 0.96 | 22.02 | 22.98 | NOTE | |
r-patched-solaris-x86 | 0.4 | 42.80 | NOTE | |||
r-release-linux-x86_64 | 0.4 | 0.94 | 23.35 | 24.30 | NOTE | |
r-release-windows-ix86+x86_64 | 0.4 | 3.00 | 45.00 | 48.00 | NOTE | |
r-release-osx-x86_64 | 0.4 | NOTE | ||||
r-oldrel-windows-ix86+x86_64 | 0.4 | 5.00 | 39.00 | 44.00 | NOTE | |
r-oldrel-osx-x86_64 | 0.4 | NOTE |
Version: 0.4
Check: DESCRIPTION meta-information
Result: NOTE
Malformed Description field: should contain one or more complete sentences.
Flavors: r-devel-linux-x86_64-debian-clang, r-devel-linux-x86_64-debian-gcc, r-devel-linux-x86_64-fedora-clang, r-devel-linux-x86_64-fedora-gcc, r-devel-windows-ix86+x86_64, r-patched-linux-x86_64, r-patched-solaris-x86, r-release-linux-x86_64, r-release-windows-ix86+x86_64, r-release-osx-x86_64, r-oldrel-windows-ix86+x86_64, r-oldrel-osx-x86_64