CRAN Package Check Results for Package BEACH

Last updated on 2017-07-31 01:46:48.

Flavor Version Tinstall Tcheck Ttotal Status Flags
r-devel-linux-x86_64-debian-clang 1.1.2 4.95 54.40 59.34 OK
r-devel-linux-x86_64-debian-gcc 1.1.2 4.75 47.88 52.63 OK
r-devel-linux-x86_64-fedora-clang 1.1.2 123.59 NOTE
r-devel-linux-x86_64-fedora-gcc 1.1.2 120.34 NOTE
r-devel-windows-ix86+x86_64 1.1.2 20.00 122.00 142.00 OK
r-patched-linux-x86_64 1.1.2 4.99 54.48 59.47 OK
r-patched-solaris-x86 1.1.2 164.00 NOTE
r-release-linux-x86_64 1.1.2 5.06 55.09 60.16 OK
r-release-windows-ix86+x86_64 1.1.2 30.00 124.00 154.00 OK
r-release-osx-x86_64 1.1.2 NOTE
r-oldrel-windows-ix86+x86_64 1.1.2 14.00 89.00 103.00 OK
r-oldrel-osx-x86_64 1.1.2 NOTE

Check Details

Version: 1.1.2
Check: dependencies in R code
Result: NOTE
    Namespace in Imports field not imported from: ‘readxl’
     All declared Imports should be used.
Flavors: r-devel-linux-x86_64-fedora-clang, r-devel-linux-x86_64-fedora-gcc, r-patched-solaris-x86, r-release-osx-x86_64, r-oldrel-osx-x86_64