Last updated on 2017-07-31 01:46:49.
Flavor | Version | Tinstall | Tcheck | Ttotal | Status | Flags |
---|---|---|---|---|---|---|
r-devel-linux-x86_64-debian-clang | 1.62.0-1 | 15.31 | 43.32 | 58.64 | OK | |
r-devel-linux-x86_64-debian-gcc | 1.62.0-1 | 15.27 | 36.72 | 51.99 | OK | |
r-devel-linux-x86_64-fedora-clang | 1.62.0-1 | 58.32 | NOTE | |||
r-devel-linux-x86_64-fedora-gcc | 1.62.0-1 | 56.47 | NOTE | |||
r-devel-windows-ix86+x86_64 | 1.62.0-1 | 342.00 | 32.00 | 374.00 | NOTE | |
r-patched-linux-x86_64 | 1.62.0-1 | 15.41 | 42.03 | 57.44 | OK | |
r-patched-solaris-x86 | 1.62.0-1 | 139.40 | NOTE | |||
r-release-linux-x86_64 | 1.62.0-1 | 14.78 | 41.76 | 56.54 | OK | |
r-release-windows-ix86+x86_64 | 1.62.0-1 | 180.00 | 25.00 | 205.00 | NOTE | |
r-release-osx-x86_64 | 1.62.0-1 | NOTE | ||||
r-oldrel-windows-ix86+x86_64 | 1.62.0-1 | 133.00 | 34.00 | 167.00 | NOTE | |
r-oldrel-osx-x86_64 | 1.62.0-1 | NOTE |
Version: 1.62.0-1
Check: installed package size
Result: NOTE
installed size is 126.8Mb
sub-directories of 1Mb or more:
include 126.8Mb
Flavors: r-devel-linux-x86_64-fedora-clang, r-devel-linux-x86_64-fedora-gcc, r-devel-windows-ix86+x86_64, r-patched-solaris-x86, r-release-windows-ix86+x86_64, r-release-osx-x86_64, r-oldrel-windows-ix86+x86_64, r-oldrel-osx-x86_64