CRAN Package Check Results for Package BIGL

Last updated on 2017-07-31 01:46:49.

Flavor Version Tinstall Tcheck Ttotal Status Flags
r-devel-linux-x86_64-debian-clang 1.0.1 1.80 137.86 139.66 OK
r-devel-linux-x86_64-debian-gcc 1.0.1 1.96 128.14 130.10 OK
r-devel-linux-x86_64-fedora-clang 1.0.1 276.44 OK
r-devel-linux-x86_64-fedora-gcc 1.0.1 261.74 OK
r-devel-windows-ix86+x86_64 1.0.1 10.00 289.00 299.00 OK
r-patched-linux-x86_64 1.0.1 1.84 141.45 143.29 OK
r-patched-solaris-x86 1.0.1 228.70 WARN
r-release-linux-x86_64 1.0.1 7.25 141.90 149.14 OK
r-release-windows-ix86+x86_64 1.0.1 13.00 294.00 307.00 OK
r-release-osx-x86_64 1.0.1 WARN
r-oldrel-windows-ix86+x86_64 1.0.1 10.00 220.00 230.00 OK
r-oldrel-osx-x86_64 1.0.1 WARN

Check Details

Version: 1.0.1
Check: re-building of vignette outputs
Result: WARN
    Error in re-building vignettes:
     ...
    Warning in engine$weave(file, quiet = quiet, encoding = enc) :
     Pandoc (>= 1.12.3) and/or pandoc-citeproc not available. Falling back to R Markdown v1.
    Warning in is.na(verts[, 2]) :
     is.na() applied to non-(list or vector) of type 'NULL'
    Warning in is.na(verts[, 3]) :
     is.na() applied to non-(list or vector) of type 'NULL'
    Warning in is.na(verts[, 1]) :
     is.na() applied to non-(list or vector) of type 'NULL'
    Warning in is.na(verts[, 3]) :
     is.na() applied to non-(list or vector) of type 'NULL'
    Warning in is.na(verts[, 1]) :
     is.na() applied to non-(list or vector) of type 'NULL'
    Warning in is.na(verts[, 2]) :
     is.na() applied to non-(list or vector) of type 'NULL'
    Warning in normalizePath(f2) :
     path[1]="./webshot2f132de25488.png": No such file or directory
    Warning in file(con, "rb") :
     cannot open file './webshot2f132de25488.png': No such file or directory
    Quitting from lines 233-236 (analysis.Rmd)
    Error: processing vignette 'analysis.Rmd' failed with diagnostics:
    cannot open the connection
    Execution halted
Flavor: r-patched-solaris-x86

Version: 1.0.1
Check: re-building of vignette outputs
Result: WARN
    Error in re-building vignettes:
     ...
    Warning in engine$weave(file, quiet = quiet, encoding = enc) :
     Pandoc (>= 1.12.3) and/or pandoc-citeproc not available. Falling back to R Markdown v1.
    Warning in is.na(verts[, 2]) :
     is.na() applied to non-(list or vector) of type 'NULL'
    Warning in is.na(verts[, 3]) :
     is.na() applied to non-(list or vector) of type 'NULL'
    Warning in is.na(verts[, 1]) :
     is.na() applied to non-(list or vector) of type 'NULL'
    Warning in is.na(verts[, 3]) :
     is.na() applied to non-(list or vector) of type 'NULL'
    Warning in is.na(verts[, 1]) :
     is.na() applied to non-(list or vector) of type 'NULL'
    Warning in is.na(verts[, 2]) :
     is.na() applied to non-(list or vector) of type 'NULL'
    Warning in normalizePath(f2) :
     path[1]="./webshotf7753bbb0fc8.png": No such file or directory
    Warning in file(con, "rb") :
     cannot open file './webshotf7753bbb0fc8.png': No such file or directory
    Quitting from lines 233-236 (analysis.Rmd)
    Error: processing vignette 'analysis.Rmd' failed with diagnostics:
    cannot open the connection
    Execution halted
Flavor: r-release-osx-x86_64

Version: 1.0.1
Check: re-building of vignette outputs
Result: WARN
    Error in re-building vignettes:
     ...
    Warning in engine$weave(file, quiet = quiet, encoding = enc) :
     Pandoc (>= 1.12.3) and/or pandoc-citeproc not available. Falling back to R Markdown v1.
    Warning in is.na(verts[, 2]) :
     is.na() applied to non-(list or vector) of type 'NULL'
    Warning in is.na(verts[, 3]) :
     is.na() applied to non-(list or vector) of type 'NULL'
    Warning in is.na(verts[, 1]) :
     is.na() applied to non-(list or vector) of type 'NULL'
    Warning in is.na(verts[, 3]) :
     is.na() applied to non-(list or vector) of type 'NULL'
    Warning in is.na(verts[, 1]) :
     is.na() applied to non-(list or vector) of type 'NULL'
    Warning in is.na(verts[, 2]) :
     is.na() applied to non-(list or vector) of type 'NULL'
    Warning in normalizePath(f2) :
     path[1]="./webshot155cb71ba05dc.png": No such file or directory
    Warning in file(con, "rb") :
     cannot open file './webshot155cb71ba05dc.png': No such file or directory
    Quitting from lines 233-236 (analysis.Rmd)
    Error: processing vignette 'analysis.Rmd' failed with diagnostics:
    cannot open the connection
    Execution halted
Flavor: r-oldrel-osx-x86_64