CRAN Package Check Results for Package BaTFLED3D

Last updated on 2017-07-31 01:46:48.

Flavor Version Tinstall Tcheck Ttotal Status Flags
r-devel-linux-x86_64-debian-clang 0.2.1 1.09 85.04 86.13 OK
r-devel-linux-x86_64-debian-gcc 0.2.1 1.08 76.65 77.73 OK
r-devel-linux-x86_64-fedora-clang 0.2.1 150.74 OK
r-devel-linux-x86_64-fedora-gcc 0.2.1 151.14 OK
r-devel-windows-ix86+x86_64 0.2.1 4.00 167.00 171.00 NOTE
r-patched-linux-x86_64 0.2.1 1.05 83.75 84.80 OK
r-patched-solaris-x86 0.2.1 155.70 OK
r-release-linux-x86_64 0.2.1 1.11 81.53 82.64 OK
r-release-windows-ix86+x86_64 0.2.1 4.00 158.00 162.00 NOTE
r-release-osx-x86_64 0.2.1 OK
r-oldrel-windows-ix86+x86_64 0.2.1 6.00 112.00 118.00 NOTE
r-oldrel-osx-x86_64 0.2.1 OK

Check Details

Version: 0.2.1
Check: package dependencies
Result: NOTE
    Package suggested but not available for checking: 'doMC'
Flavors: r-devel-windows-ix86+x86_64, r-release-windows-ix86+x86_64, r-oldrel-windows-ix86+x86_64