CRAN Package Check Results for Package BacArena

Last updated on 2017-07-31 01:46:48.

Flavor Version Tinstall Tcheck Ttotal Status Flags
r-devel-linux-x86_64-debian-clang 1.6 32.24 226.63 258.87 OK
r-devel-linux-x86_64-debian-gcc 1.6 38.44 210.03 248.47 OK
r-devel-linux-x86_64-fedora-clang 1.6 477.44 NOTE
r-devel-linux-x86_64-fedora-gcc 1.6 488.63 NOTE
r-devel-windows-ix86+x86_64 1.6 124.00 554.00 678.00 NOTE
r-patched-linux-x86_64 1.6 37.97 216.58 254.56 OK
r-patched-solaris-x86 1.6 599.60 NOTE
r-release-linux-x86_64 1.6 46.49 224.83 271.31 OK
r-release-windows-ix86+x86_64 1.6 158.00 537.00 695.00 NOTE
r-release-osx-x86_64 1.6 ERROR
r-oldrel-windows-ix86+x86_64 1.6 139.00 415.00 554.00 NOTE
r-oldrel-osx-x86_64 1.6 NOTE

Check Details

Version: 1.6
Check: package dependencies
Result: NOTE
    Package suggested but not available for checking: ‘sybilSBML’
Flavors: r-devel-linux-x86_64-fedora-clang, r-devel-linux-x86_64-fedora-gcc, r-patched-solaris-x86, r-oldrel-osx-x86_64

Version: 1.6
Check: installed package size
Result: NOTE
     installed size is 6.5Mb
     sub-directories of 1Mb or more:
     data 3.6Mb
     libs 1.9Mb
Flavors: r-devel-linux-x86_64-fedora-clang, r-devel-linux-x86_64-fedora-gcc, r-devel-windows-ix86+x86_64, r-patched-solaris-x86, r-release-windows-ix86+x86_64, r-oldrel-windows-ix86+x86_64, r-oldrel-osx-x86_64

Version: 1.6
Check: package dependencies
Result: ERROR
    Package required but not available: ‘glpkAPI’
    
    Package suggested but not available for checking: ‘sybilSBML’
    
    See section ‘The DESCRIPTION file’ in the ‘Writing R Extensions’
    manual.
Flavor: r-release-osx-x86_64