Last updated on 2017-07-31 01:46:49.
Flavor | Version | Tinstall | Tcheck | Ttotal | Status | Flags |
---|---|---|---|---|---|---|
r-devel-linux-x86_64-debian-clang | 1.1-7 | 28.39 | 39.37 | 67.76 | NOTE | |
r-devel-linux-x86_64-debian-gcc | 1.1-7 | 30.08 | 32.87 | 62.95 | NOTE | |
r-devel-linux-x86_64-fedora-clang | 1.1-7 | 135.79 | NOTE | |||
r-devel-linux-x86_64-fedora-gcc | 1.1-7 | 125.98 | NOTE | |||
r-devel-windows-ix86+x86_64 | 1.1-7 | 140.00 | 115.00 | 255.00 | OK | |
r-patched-linux-x86_64 | 1.1-7 | 27.94 | 38.27 | 66.21 | NOTE | |
r-patched-solaris-x86 | 1.1-7 | 148.90 | OK | |||
r-release-linux-x86_64 | 1.1-7 | 27.79 | 38.53 | 66.33 | NOTE | |
r-release-windows-ix86+x86_64 | 1.1-7 | 127.00 | 111.00 | 238.00 | OK | |
r-release-osx-x86_64 | 1.1-7 | OK | ||||
r-oldrel-windows-ix86+x86_64 | 1.1-7 | 150.00 | 82.00 | 232.00 | OK | |
r-oldrel-osx-x86_64 | 1.1-7 | OK |
Version: 1.1-7
Check: compiled code
Result: NOTE
File ‘BigQuic/libs/BigQuic.so’:
Found no calls to: ‘R_registerRoutines’, ‘R_useDynamicSymbols’
It is good practice to register native routines and to disable symbol
search.
See ‘Writing portable packages’ in the ‘Writing R Extensions’ manual.
Flavors: r-devel-linux-x86_64-debian-clang, r-devel-linux-x86_64-debian-gcc, r-devel-linux-x86_64-fedora-clang, r-devel-linux-x86_64-fedora-gcc, r-patched-linux-x86_64, r-release-linux-x86_64