Last updated on 2017-07-31 01:46:51.
Flavor | Version | Tinstall | Tcheck | Ttotal | Status | Flags |
---|---|---|---|---|---|---|
r-devel-linux-x86_64-debian-clang | 1.5 | 1.02 | 25.52 | 26.54 | NOTE | |
r-devel-linux-x86_64-debian-gcc | 1.5 | 0.99 | 18.07 | 19.06 | NOTE | |
r-devel-linux-x86_64-fedora-clang | 1.5 | 31.33 | NOTE | |||
r-devel-linux-x86_64-fedora-gcc | 1.5 | 27.91 | NOTE | |||
r-devel-windows-ix86+x86_64 | 1.5 | 5.00 | 45.00 | 50.00 | NOTE | |
r-patched-linux-x86_64 | 1.5 | 1.02 | 26.90 | 27.93 | NOTE | |
r-patched-solaris-x86 | 1.5 | 42.70 | NOTE | |||
r-release-linux-x86_64 | 1.5 | 1.04 | 28.11 | 29.14 | NOTE | |
r-release-windows-ix86+x86_64 | 1.5 | 4.00 | 33.00 | 37.00 | NOTE | |
r-release-osx-x86_64 | 1.5 | NOTE | ||||
r-oldrel-windows-ix86+x86_64 | 1.5 | 6.00 | 44.00 | 50.00 | NOTE | |
r-oldrel-osx-x86_64 | 1.5 | NOTE |
Version: 1.5
Check: dependencies in R code
Result: NOTE
'library' or 'require' call to ‘RCurl’ which was already attached by Depends.
Please remove these calls from your code.
Packages in Depends field not imported from:
‘RCurl’ ‘bitops’ ‘methods’
These packages need to be imported from (in the NAMESPACE file)
for when this namespace is loaded but not attached.
Flavors: r-devel-linux-x86_64-debian-clang, r-devel-linux-x86_64-debian-gcc, r-devel-linux-x86_64-fedora-clang, r-devel-linux-x86_64-fedora-gcc, r-devel-windows-ix86+x86_64, r-patched-linux-x86_64, r-patched-solaris-x86, r-release-linux-x86_64, r-release-windows-ix86+x86_64, r-release-osx-x86_64, r-oldrel-windows-ix86+x86_64, r-oldrel-osx-x86_64
Version: 1.5
Check: R code for possible problems
Result: NOTE
createDataset: no visible global function definition for ‘read.csv’
createInventory: no visible global function definition for ‘read.csv’
downloadMaster: no visible global function definition for
‘getURLContent’
downloadMaster: no visible global function definition for ‘read.csv’
downloadMaster: no visible global function definition for ‘write.csv’
getMissingScrape: no visible global function definition for ‘read.csv’
readLocalMaster: no visible global function definition for ‘read.csv’
readMonthlyCsv: no visible global function definition for ‘read.csv’
scrapeToCsv: no visible global function definition for ‘download.file’
writeData: no visible global function definition for ‘write.csv’
writeGhcn: no visible global function definition for ‘write.table’
writeInventory: no visible global function definition for ‘write.table’
writeMonthlyStations: no visible global function definition for
‘read.csv’
writeMonthlyStations: no visible global function definition for
‘write.csv’
Undefined global functions or variables:
download.file getURLContent read.csv write.csv write.table
Consider adding
importFrom("utils", "download.file", "read.csv", "write.csv",
"write.table")
to your NAMESPACE file.
Flavors: r-devel-linux-x86_64-debian-clang, r-devel-linux-x86_64-debian-gcc, r-devel-linux-x86_64-fedora-clang, r-devel-linux-x86_64-fedora-gcc, r-devel-windows-ix86+x86_64, r-patched-linux-x86_64, r-patched-solaris-x86, r-release-linux-x86_64, r-release-windows-ix86+x86_64, r-release-osx-x86_64, r-oldrel-windows-ix86+x86_64, r-oldrel-osx-x86_64