CRAN Package Check Results for Package CHsharp

Last updated on 2017-07-31 01:46:51.

Flavor Version Tinstall Tcheck Ttotal Status Flags
r-devel-linux-x86_64-debian-clang 0.4 1.04 21.66 22.70 NOTE
r-devel-linux-x86_64-debian-gcc 0.4 1.03 14.70 15.73 NOTE
r-devel-linux-x86_64-fedora-clang 0.4 25.43 NOTE
r-devel-linux-x86_64-fedora-gcc 0.4 21.69 NOTE
r-devel-windows-ix86+x86_64 0.4 14.00 48.00 62.00 OK
r-patched-linux-x86_64 0.4 1.07 23.31 24.38 NOTE
r-patched-solaris-x86 0.4 34.50 OK
r-release-linux-x86_64 0.4 1.02 21.88 22.90 NOTE
r-release-windows-ix86+x86_64 0.4 10.00 45.00 55.00 OK
r-release-osx-x86_64 0.4 OK
r-oldrel-windows-ix86+x86_64 0.4 10.00 33.00 43.00 OK
r-oldrel-osx-x86_64 0.4 OK

Check Details

Version: 0.4
Check: compiled code
Result: NOTE
    File ‘CHsharp/libs/CHsharp.so’:
     Found no calls to: ‘R_registerRoutines’, ‘R_useDynamicSymbols’
    
    It is good practice to register native routines and to disable symbol
    search.
    
    See ‘Writing portable packages’ in the ‘Writing R Extensions’ manual.
Flavors: r-devel-linux-x86_64-debian-clang, r-devel-linux-x86_64-debian-gcc, r-devel-linux-x86_64-fedora-clang, r-devel-linux-x86_64-fedora-gcc, r-patched-linux-x86_64, r-release-linux-x86_64