Last updated on 2017-07-31 01:46:50.
Flavor | Version | Tinstall | Tcheck | Ttotal | Status | Flags |
---|---|---|---|---|---|---|
r-devel-linux-x86_64-debian-clang | 1.2.0 | 4.81 | 88.32 | 93.12 | OK | |
r-devel-linux-x86_64-debian-gcc | 1.2.0 | 4.63 | 74.16 | 78.79 | OK | |
r-devel-linux-x86_64-fedora-clang | 1.2.0 | 167.13 | OK | |||
r-devel-linux-x86_64-fedora-gcc | 1.2.0 | 159.54 | OK | |||
r-devel-windows-ix86+x86_64 | 1.2.0 | 14.00 | 175.00 | 189.00 | OK | |
r-patched-linux-x86_64 | 1.2.0 | 4.68 | 87.84 | 92.53 | OK | |
r-patched-solaris-x86 | 1.2.0 | 210.60 | OK | |||
r-release-linux-x86_64 | 1.2.0 | 4.72 | 88.06 | 92.77 | OK | |
r-release-windows-ix86+x86_64 | 1.2.0 | 12.00 | 180.00 | 192.00 | OK | |
r-release-osx-x86_64 | 1.2.0 | NOTE | ||||
r-oldrel-windows-ix86+x86_64 | 1.2.0 | 16.00 | 125.00 | 141.00 | OK | |
r-oldrel-osx-x86_64 | 1.2.0 | OK |
Version: 1.2.0
Check: re-building of vignette outputs
Result: NOTE
Error in re-building vignettes:
...
Attaching package: ‘spam’
The following objects are masked from ‘package:base’:
backsolve, forwardsolve
Loading required package: maps
Loading required package: pheatmap
Loading required package: scatterplot3d
Error in texi2dvi(file = file, pdf = TRUE, clean = clean, quiet = quiet, :
Running 'texi2dvi' on 'Canopy_vignettes.tex' failed.
LaTeX errors:
! LaTeX Error: File `vmargin.sty' not found.
Type X to quit or <RETURN> to proceed,
or enter new name. (Default extension: sty)
! Emergency stop.
<read *>
l.3 \setmargrb
{0.75in}{0.75in}{0.75in}{0.75in}^^M
! ==> Fatal error occurred, no output PDF file produced!
Calls: buildVignettes -> texi2pdf -> texi2dvi
Execution halted
Flavor: r-release-osx-x86_64