Last updated on 2017-07-31 01:46:51.
Flavor | Version | Tinstall | Tcheck | Ttotal | Status | Flags |
---|---|---|---|---|---|---|
r-devel-linux-x86_64-debian-clang | 0.1.1 | 3.03 | 56.46 | 59.49 | NOTE | |
r-devel-linux-x86_64-debian-gcc | 0.1.1 | 3.12 | 45.32 | 48.43 | NOTE | |
r-devel-linux-x86_64-fedora-clang | 0.1.1 | 116.41 | NOTE | |||
r-devel-linux-x86_64-fedora-gcc | 0.1.1 | 107.66 | NOTE | |||
r-patched-linux-x86_64 | 0.1.1 | 3.05 | 52.64 | 55.68 | NOTE | |
r-patched-solaris-x86 | 0.1.1 | 156.20 | NOTE | |||
r-release-linux-x86_64 | 0.1.1 | 3.10 | 52.01 | 55.11 | NOTE | |
r-release-osx-x86_64 | 0.1.1 | NOTE | ||||
r-oldrel-osx-x86_64 | 0.1.1 | NOTE |
Version: 0.1.1
Check: R code for possible problems
Result: NOTE
CommT.anova: no visible global function definition for ‘aov’
CommT.legendpos: no visible global function definition for ‘quantile’
CommT.plotcolors: no visible global function definition for ‘hcl’
Undefined global functions or variables:
aov hcl quantile
Consider adding
importFrom("grDevices", "hcl")
importFrom("stats", "aov", "quantile")
to your NAMESPACE file.
Flavors: r-devel-linux-x86_64-debian-clang, r-devel-linux-x86_64-debian-gcc, r-devel-linux-x86_64-fedora-clang, r-devel-linux-x86_64-fedora-gcc, r-patched-linux-x86_64, r-patched-solaris-x86, r-release-linux-x86_64, r-release-osx-x86_64, r-oldrel-osx-x86_64