Last updated on 2017-07-31 01:46:52.
Flavor | Version | Tinstall | Tcheck | Ttotal | Status | Flags |
---|---|---|---|---|---|---|
r-devel-linux-x86_64-debian-clang | 1.2.1 | 187.80 | 64.42 | 252.22 | OK | |
r-devel-linux-x86_64-debian-gcc | 1.2.1 | 188.64 | 59.03 | 247.66 | OK | |
r-devel-linux-x86_64-fedora-clang | 1.2.1 | 541.43 | NOTE | |||
r-devel-linux-x86_64-fedora-gcc | 1.2.1 | 480.76 | NOTE | |||
r-devel-windows-ix86+x86_64 | 1.2.1 | 611.00 | 160.00 | 771.00 | OK | |
r-patched-linux-x86_64 | 1.2.1 | 184.14 | 66.18 | 250.32 | OK | |
r-patched-solaris-x86 | 1.2.1 | 439.20 | OK | |||
r-release-linux-x86_64 | 1.2.1 | 183.70 | 63.06 | 246.75 | OK | |
r-release-windows-ix86+x86_64 | 1.2.1 | 487.00 | 164.00 | 651.00 | OK | |
r-release-osx-x86_64 | 1.2.1 | NOTE | ||||
r-oldrel-windows-ix86+x86_64 | 1.2.1 | 647.00 | 120.00 | 767.00 | OK | |
r-oldrel-osx-x86_64 | 1.2.1 | NOTE |
Version: 1.2.1
Check: installed package size
Result: NOTE
installed size is 28.1Mb
sub-directories of 1Mb or more:
libs 27.9Mb
Flavors: r-devel-linux-x86_64-fedora-clang, r-devel-linux-x86_64-fedora-gcc, r-release-osx-x86_64, r-oldrel-osx-x86_64