CRAN Package Check Results for Package CryptRndTest

Last updated on 2017-07-31 01:46:52.

Flavor Version Tinstall Tcheck Ttotal Status Flags
r-devel-linux-x86_64-debian-clang 1.2.2 2.44 55.53 57.97 OK
r-devel-linux-x86_64-debian-gcc 1.2.2 2.46 47.26 49.72 OK
r-devel-linux-x86_64-fedora-clang 1.2.2 98.30 OK
r-devel-linux-x86_64-fedora-gcc 1.2.2 94.25 OK
r-devel-windows-ix86+x86_64 1.2.2 11.00 128.00 139.00 OK
r-patched-linux-x86_64 1.2.2 2.54 54.80 57.34 OK
r-patched-solaris-x86 1.2.2 123.00 OK
r-release-linux-x86_64 1.2.2 2.92 56.96 59.88 OK
r-release-windows-ix86+x86_64 1.2.2 18.00 135.00 153.00 OK
r-release-osx-x86_64 1.2.2 WARN
r-oldrel-windows-ix86+x86_64 1.2.2 9.00 91.00 100.00 OK
r-oldrel-osx-x86_64 1.2.2 OK

Check Details

Version: 1.2.2
Check: re-building of vignette outputs
Result: WARN
    Error in re-building vignettes:
     ...
    Error: processing vignette 'CryptRndTest.ltx' failed with diagnostics:
    Running 'texi2dvi' on 'CryptRndTest.ltx' failed.
    LaTeX errors:
    ! LaTeX Error: File `titlesec.sty' not found.
    
    Type X to quit or <RETURN> to proceed,
    or enter new name. (Default extension: sty)
    
    ! Emergency stop.
    <read *>
    
    l.99 \usepackage
     {titletoc}^^M
    ! ==> Fatal error occurred, no output PDF file produced!
    Execution halted
Flavor: r-release-osx-x86_64