CRAN Package Check Results for Package DOBAD

Last updated on 2017-07-31 01:46:54.

Flavor Version Tinstall Tcheck Ttotal Status Flags
r-devel-linux-x86_64-debian-clang 1.0.5 1.47 102.30 103.77 OK
r-devel-linux-x86_64-debian-gcc 1.0.5 1.54 87.56 89.10 OK
r-devel-linux-x86_64-fedora-clang 1.0.5 183.93 OK
r-devel-linux-x86_64-fedora-gcc 1.0.5 179.57 OK
r-devel-windows-ix86+x86_64 1.0.5 11.00 77.00 88.00 OK --no-vignettes
r-patched-linux-x86_64 1.0.5 1.53 103.14 104.67 OK
r-patched-solaris-x86 1.0.5 201.40 OK
r-release-linux-x86_64 1.0.5 1.45 101.49 102.94 OK
r-release-windows-ix86+x86_64 1.0.5 5.00 64.00 69.00 OK --no-vignettes
r-release-osx-x86_64 1.0.5 NOTE
r-oldrel-windows-ix86+x86_64 1.0.5 7.00 63.00 70.00 OK --no-vignettes
r-oldrel-osx-x86_64 1.0.5 OK

Check Details

Version: 1.0.5
Check: re-building of vignette outputs
Result: NOTE
    Error in re-building vignettes:
     ...
    Loading required package: numDeriv
    Error in texi2dvi(file = file, pdf = TRUE, clean = clean, quiet = quiet, :
     Running 'texi2dvi' on 'BD_EM.tex' failed.
    LaTeX errors:
    ! LaTeX Error: File `appendix.sty' not found.
    
    Type X to quit or <RETURN> to proceed,
    or enter new name. (Default extension: sty)
    
    ! Emergency stop.
    <read *>
    
    l.21 ^^M
    
    ! ==> Fatal error occurred, no output PDF file produced!
    Calls: buildVignettes -> texi2pdf -> texi2dvi
    Execution halted
Flavor: r-release-osx-x86_64