CRAN Package Check Results for Package EML

Last updated on 2017-07-31 01:46:55.

Flavor Version Tinstall Tcheck Ttotal Status Flags
r-devel-linux-x86_64-debian-clang 1.0.3 37.51 265.80 303.31 OK
r-devel-linux-x86_64-debian-gcc 1.0.3 34.34 260.48 294.82 OK
r-devel-linux-x86_64-fedora-clang 1.0.3 559.94 NOTE
r-devel-linux-x86_64-fedora-gcc 1.0.3 554.48 NOTE
r-devel-windows-ix86+x86_64 1.0.3 85.00 238.00 323.00 NOTE --no-vignettes
r-patched-linux-x86_64 1.0.3 36.88 274.63 311.50 OK
r-patched-solaris-x86 1.0.3 562.60 ERROR
r-release-linux-x86_64 1.0.3 36.39 260.14 296.53 OK
r-release-windows-ix86+x86_64 1.0.3 77.00 212.00 289.00 NOTE --no-vignettes
r-release-osx-x86_64 1.0.3 ERROR
r-oldrel-windows-ix86+x86_64 1.0.3 70.00 238.00 308.00 NOTE --no-vignettes
r-oldrel-osx-x86_64 1.0.3 ERROR

Check Details

Version: 1.0.3
Check: installed package size
Result: NOTE
     installed size is 7.5Mb
     sub-directories of 1Mb or more:
     R 1.0Mb
     xsd 5.4Mb
Flavors: r-devel-linux-x86_64-fedora-clang, r-devel-linux-x86_64-fedora-gcc, r-patched-solaris-x86, r-release-osx-x86_64, r-oldrel-osx-x86_64

Version: 1.0.3
Flags: --no-vignettes
Check: installed package size
Result: NOTE
     installed size is 7.4Mb
     sub-directories of 1Mb or more:
     R 1.0Mb
     xsd 5.4Mb
Flavors: r-devel-windows-ix86+x86_64, r-release-windows-ix86+x86_64, r-oldrel-windows-ix86+x86_64

Version: 1.0.3
Check: tests
Result: ERROR
     Running ‘testthat.R’ [90s/127s]
    Running the tests in ‘tests/testthat.R’ failed.
    Complete output:
     > library(testthat)
     > library(EML)
     >
     > test_check("EML")
     sh: +RTS: not found
     1. Error: We return TRUE when validating a valid just created eml object with latin1 encoding (@test-validation.R#75)
     pandoc document conversion failed with error 127
     1: source(ex) at testthat/test-validation.R:75
     2: withVisible(eval(ei, envir))
     3: eval(ei, envir)
     4: eval(ei, envir)
     5: set_methods(methods_file)
     6: new("methods", sampling = sampling, methodStep = new("methodStep", instrumentation = instrumentation,
     software = software, description = as(set_TextType(methods_file), "description")))
     7: initialize(value, ...)
     8: initialize(value, ...)
     9: .local(.Object, ...)
     10: c_as(methodStep, "methodStep")
     11: is(x, cls)
     12: new("methodStep", instrumentation = instrumentation, software = software, description = as(set_TextType(methods_file),
     "description"))
     13: initialize(value, ...)
     14: initialize(value, ...)
     15: .local(.Object, ...)
     16: as(description, "description")
     17: .class1(object)
     18: as(set_TextType(methods_file), "description")
     19: .class1(object)
     20: set_TextType(methods_file)
     21: to_docbook(file)
     22: pandoc_convert(basename(file), to = "docbook", output = normalizePath(docbook_file,
     winslash = "/", mustWork = FALSE), options = "-s")
     23: stop("pandoc document conversion failed with error ", result, call. = FALSE)
    
     sh: +RTS: not found
     2. Error: We return TRUE when validating a valid just created eml object (@test-validation.R#89)
     pandoc document conversion failed with error 127
     1: source(ex) at testthat/test-validation.R:89
     2: withVisible(eval(ei, envir))
     3: eval(ei, envir)
     4: eval(ei, envir)
     5: set_methods(methods_file)
     6: new("methods", sampling = sampling, methodStep = new("methodStep", instrumentation = instrumentation,
     software = software, description = as(set_TextType(methods_file), "description")))
     7: initialize(value, ...)
     8: initialize(value, ...)
     9: .local(.Object, ...)
     10: c_as(methodStep, "methodStep")
     11: is(x, cls)
     12: new("methodStep", instrumentation = instrumentation, software = software, description = as(set_TextType(methods_file),
     "description"))
     13: initialize(value, ...)
     14: initialize(value, ...)
     15: .local(.Object, ...)
     16: as(description, "description")
     17: .class1(object)
     18: as(set_TextType(methods_file), "description")
     19: .class1(object)
     20: set_TextType(methods_file)
     21: to_docbook(file)
     22: pandoc_convert(basename(file), to = "docbook", output = normalizePath(docbook_file,
     winslash = "/", mustWork = FALSE), options = "-s")
     23: stop("pandoc document conversion failed with error ", result, call. = FALSE)
    
     testthat results ================================================================
     OK: 62 SKIPPED: 5 FAILED: 2
     1. Error: We return TRUE when validating a valid just created eml object with latin1 encoding (@test-validation.R#75)
     2. Error: We return TRUE when validating a valid just created eml object (@test-validation.R#89)
    
     Error: testthat unit tests failed
     In addition: Warning messages:
     1: Person Carl Boettiger <cboettig@gmail.com> was not given any role.
     2: Person Matthew B. Jones was not given any role.
     Execution halted
Flavor: r-patched-solaris-x86

Version: 1.0.3
Check: tests
Result: ERROR
     Running ‘testthat.R’ [57s/58s]
    Running the tests in ‘tests/testthat.R’ failed.
    Last 13 lines of output:
     21: to_docbook(file)
     22: pandoc_convert(basename(file), to = "docbook", output = normalizePath(docbook_file,
     winslash = "/", mustWork = FALSE), options = "-s")
     23: stop("pandoc document conversion failed with error ", result, call. = FALSE)
    
     testthat results ================================================================
     OK: 62 SKIPPED: 5 FAILED: 2
     1. Error: We return TRUE when validating a valid just created eml object with latin1 encoding (@test-validation.R#75)
     2. Error: We return TRUE when validating a valid just created eml object (@test-validation.R#89)
    
     Error: testthat unit tests failed
     In addition: Warning messages:
     1: Person Carl Boettiger <cboettig@gmail.com> was not given any role.
     2: Person Matthew B. Jones was not given any role.
     Execution halted
Flavor: r-release-osx-x86_64

Version: 1.0.3
Check: tests
Result: ERROR
    Running the tests in ‘tests/testthat.R’ failed.
    Last 13 lines of output:
     winslash = "/", mustWork = FALSE), options = "-s")
     23: stop("pandoc document conversion failed with error ", result, call. = FALSE)
    
     testthat results ================================================================
     OK: 62 SKIPPED: 5 FAILED: 2
     1. Error: We return TRUE when validating a valid just created eml object with latin1 encoding (@test-validation.R#75)
     2. Error: We return TRUE when validating a valid just created eml object (@test-validation.R#89)
    
     Error: testthat unit tests failed
     In addition: Warning messages:
     1: Person Carl Boettiger <cboettig@gmail.com> was not given any role.
     2: Person Matthew B. Jones was not given any role.
     Execution halted
Flavor: r-oldrel-osx-x86_64