Last updated on 2017-07-31 01:46:56.
Flavor | Version | Tinstall | Tcheck | Ttotal | Status | Flags |
---|---|---|---|---|---|---|
r-devel-linux-x86_64-debian-clang | 1.0 | 14.49 | 48.15 | 62.64 | NOTE | |
r-devel-linux-x86_64-debian-gcc | 1.0 | 14.46 | 41.48 | 55.94 | NOTE | |
r-devel-linux-x86_64-fedora-clang | 1.0 | 122.05 | NOTE | |||
r-devel-linux-x86_64-fedora-gcc | 1.0 | 115.72 | NOTE | |||
r-devel-windows-ix86+x86_64 | 1.0 | 60.00 | 134.00 | 194.00 | OK | |
r-patched-linux-x86_64 | 1.0 | 14.59 | 49.42 | 64.01 | NOTE | |
r-patched-solaris-x86 | 1.0 | 150.40 | OK | |||
r-release-linux-x86_64 | 1.0 | 14.63 | 51.35 | 65.99 | NOTE | |
r-release-windows-ix86+x86_64 | 1.0 | 42.00 | 137.00 | 179.00 | OK | |
r-release-osx-x86_64 | 1.0 | OK | ||||
r-oldrel-windows-ix86+x86_64 | 1.0 | 63.00 | 100.00 | 163.00 | OK | |
r-oldrel-osx-x86_64 | 1.0 | OK |
Version: 1.0
Check: compiled code
Result: NOTE
File ‘EstHer/libs/EstHer.so’:
Found no calls to: ‘R_registerRoutines’, ‘R_useDynamicSymbols’
It is good practice to register native routines and to disable symbol
search.
See ‘Writing portable packages’ in the ‘Writing R Extensions’ manual.
Flavors: r-devel-linux-x86_64-debian-clang, r-devel-linux-x86_64-debian-gcc, r-devel-linux-x86_64-fedora-clang, r-devel-linux-x86_64-fedora-gcc, r-patched-linux-x86_64, r-release-linux-x86_64