CRAN Package Check Results for Package EventStudy

Last updated on 2017-07-31 01:46:56.

Flavor Version Tinstall Tcheck Ttotal Status Flags
r-devel-linux-x86_64-debian-clang 0.31 3.14 46.51 49.65 OK
r-devel-linux-x86_64-debian-gcc 0.31 3.22 40.17 43.39 OK
r-devel-linux-x86_64-fedora-clang 0.31 81.70 NOTE
r-devel-linux-x86_64-fedora-gcc 0.31 79.43 NOTE
r-devel-windows-ix86+x86_64 0.31 21.00 115.00 136.00 OK
r-patched-linux-x86_64 0.31 3.10 48.13 51.22 OK
r-patched-solaris-x86 0.31 113.60 NOTE
r-release-linux-x86_64 0.31 3.15 50.40 53.55 OK
r-release-windows-ix86+x86_64 0.31 4.00 6.00 10.00 ERROR
r-release-osx-x86_64 0.31 NOTE
r-oldrel-windows-ix86+x86_64 0.31 6.00 5.00 11.00 ERROR
r-oldrel-osx-x86_64 0.31 ERROR

Check Details

Version: 0.31
Check: dependencies in R code
Result: NOTE
    Namespaces in Imports field not imported from:
     ‘curl’ ‘stringr’
     All declared Imports should be used.
Flavors: r-devel-linux-x86_64-fedora-clang, r-devel-linux-x86_64-fedora-gcc, r-patched-solaris-x86, r-release-osx-x86_64

Version: 0.31
Check: whether package can be installed
Result: ERROR
    Installation failed.
Flavors: r-release-windows-ix86+x86_64, r-oldrel-windows-ix86+x86_64, r-oldrel-osx-x86_64