CRAN Package Check Results for Package ExpDes

Last updated on 2017-07-31 01:46:56.

Flavor Version Tinstall Tcheck Ttotal Status Flags
r-devel-linux-x86_64-debian-clang 1.1.2 1.02 50.41 51.42 NOTE
r-devel-linux-x86_64-debian-gcc 1.1.2 1.10 46.59 47.69 NOTE
r-devel-linux-x86_64-fedora-clang 1.1.2 78.25 NOTE
r-devel-linux-x86_64-fedora-gcc 1.1.2 73.11 NOTE
r-devel-windows-ix86+x86_64 1.1.2 7.00 92.00 99.00 NOTE
r-patched-linux-x86_64 1.1.2 1.40 52.34 53.74 NOTE
r-patched-solaris-x86 1.1.2 88.60 NOTE
r-release-linux-x86_64 1.1.2 0.98 51.74 52.72 NOTE
r-release-windows-ix86+x86_64 1.1.2 4.00 61.00 65.00 NOTE
r-release-osx-x86_64 1.1.2 NOTE
r-oldrel-windows-ix86+x86_64 1.1.2 4.00 75.00 79.00 NOTE
r-oldrel-osx-x86_64 1.1.2 NOTE

Check Details

Version: 1.1.2
Check: top-level files
Result: NOTE
    Non-standard file/directory found at top level:
     ‘ExpDes-Ex.R’
Flavors: r-devel-linux-x86_64-debian-clang, r-devel-linux-x86_64-debian-gcc, r-devel-linux-x86_64-fedora-clang, r-devel-linux-x86_64-fedora-gcc, r-patched-linux-x86_64, r-release-linux-x86_64

Version: 1.1.2
Check: R code for possible problems
Result: NOTE
    ccboot : hclstr : arma.res: no visible global function definition for
     ‘ptukey’
    ccboot : reamostra.dados: no visible global function definition for
     ‘runif’
    ccboot : anova.dados: no visible global function definition for ‘lm’
    ccboot : anova.dados: no visible global function definition for ‘anova’
    crd: no visible global function definition for ‘aov’
    crd: no visible global function definition for ‘shapiro.test’
    duncan: no visible global function definition for ‘qtukey’
    fat2.ad.crd: no visible global function definition for ‘aov’
    fat2.ad.crd: no visible global function definition for ‘pf’
    fat2.ad.crd: no visible global function definition for ‘shapiro.test’
    fat2.ad.rbd: no visible global function definition for ‘aov’
    fat2.ad.rbd: no visible global function definition for ‘pf’
    fat2.ad.rbd: no visible global function definition for ‘shapiro.test’
    fat2.crd: no visible global function definition for ‘aov’
    fat2.crd: no visible global function definition for ‘shapiro.test’
    fat2.crd: no visible global function definition for ‘pf’
    fat2.rbd: no visible global function definition for ‘aov’
    fat2.rbd: no visible global function definition for ‘shapiro.test’
    fat2.rbd: no visible global function definition for ‘pf’
    fat3.ad.crd: no visible global function definition for ‘aov’
    fat3.ad.crd: no visible global function definition for ‘pf’
    fat3.ad.crd: no visible global function definition for ‘shapiro.test’
    fat3.ad.rbd: no visible global function definition for ‘aov’
    fat3.ad.rbd: no visible global function definition for ‘pf’
    fat3.ad.rbd: no visible global function definition for ‘shapiro.test’
    fat3.crd: no visible global function definition for ‘aov’
    fat3.crd: no visible global function definition for ‘pf’
    fat3.crd: no visible global function definition for ‘shapiro.test’
    fat3.rbd: no visible global function definition for ‘aov’
    fat3.rbd: no visible global function definition for ‘pf’
    fat3.rbd: no visible global function definition for ‘shapiro.test’
    latsd: no visible global function definition for ‘aov’
    latsd: no visible global function definition for ‘shapiro.test’
    lsd: no visible global function definition for ‘qt’
    lsd: no visible global function definition for ‘combn’
    lsd: no visible global function definition for ‘ptukey’
    lsdb: no visible global function definition for ‘qt’
    lsdb: no visible global function definition for ‘combn’
    lsdb: no visible global function definition for ‘ptukey’
    rbd: no visible global function definition for ‘aov’
    rbd: no visible global function definition for ‘shapiro.test’
    reg.poly: no visible global function definition for ‘pt’
    reg.poly: no visible global function definition for ‘anova’
    reg.poly: no visible global function definition for ‘lm’
    reg.poly: no visible global function definition for ‘pf’
    scottknott : sk: no visible global function definition for ‘pchisq’
    scottknott: no visible global function definition for ‘read.table’
    snk: no visible global function definition for ‘qtukey’
    split2.crd: no visible global function definition for ‘aov’
    split2.crd: no visible global function definition for ‘pf’
    split2.rbd: no visible global function definition for ‘aov’
    split2.rbd: no visible global function definition for ‘pf’
    tukey: no visible global function definition for ‘qtukey’
    tukey: no visible global function definition for ‘combn’
    tukey: no visible global function definition for ‘ptukey’
    Undefined global functions or variables:
     anova aov combn lm pchisq pf pt ptukey qt qtukey read.table runif
     shapiro.test
    Consider adding
     importFrom("stats", "anova", "aov", "lm", "pchisq", "pf", "pt",
     "ptukey", "qt", "qtukey", "runif", "shapiro.test")
     importFrom("utils", "combn", "read.table")
    to your NAMESPACE file.
Flavors: r-devel-linux-x86_64-debian-clang, r-devel-linux-x86_64-debian-gcc, r-devel-linux-x86_64-fedora-clang, r-devel-linux-x86_64-fedora-gcc, r-devel-windows-ix86+x86_64, r-patched-linux-x86_64, r-patched-solaris-x86, r-release-linux-x86_64, r-release-windows-ix86+x86_64, r-release-osx-x86_64, r-oldrel-windows-ix86+x86_64, r-oldrel-osx-x86_64

Version: 1.1.2
Check: Rd line widths
Result: NOTE
    Rd file 'fat2.ad.crd.Rd':
     \usage lines wider than 90 characters:
     fat2.ad.crd(factor1, factor2, repet, resp, respAd, quali = c(TRUE, TRUE), mcomp = "tukey", fac.names = c("F1", "F2"), sigT = 0.05, sigF ... [TRUNCATED]
     \examples lines wider than 100 characters:
     fat2.ad.crd(inoculante, biodiesel, vaso, seca, secaAd, quali = c(TRUE,FALSE), mcomp = "tukey", fac.names = c("Inoculant", "Biodiesel"), ... [TRUNCATED]
    
    Rd file 'fat2.ad.rbd.Rd':
     \usage lines wider than 90 characters:
     fat2.ad.rbd(factor1, factor2, block, resp, respAd, quali = c(TRUE, TRUE), mcomp = "tukey", fac.names = c("F1", "F2"), sigT = 0.05, sigF ... [TRUNCATED]
     \examples lines wider than 100 characters:
     fat2.ad.rbd(periodo, nivel, bloco, est21, est21Ad, quali = c(TRUE, FALSE), mcomp = "sk", fac.names = c("Period", "Level"), sigT = 0.05, ... [TRUNCATED]
    
    Rd file 'fat2.crd.Rd':
     \usage lines wider than 90 characters:
     fat2.crd(factor1, factor2, resp, quali = c(TRUE, TRUE), mcomp = "tukey", fac.names = c("F1", "F2"), sigT = 0.05, sigF = 0.05)
     \examples lines wider than 100 characters:
     fat2.crd(revol, esterco, zn, quali=c(FALSE,TRUE), mcomp="tukey", fac.names=c("Revolving","Manure"), sigT = 0.05, sigF = 0.05)
    
    Rd file 'fat2.rbd.Rd':
     \usage lines wider than 90 characters:
     fat2.rbd(factor1, factor2, block, resp, quali = c(TRUE, TRUE), mcomp = "tukey", fac.names = c("F1", "F2"), sigT = 0.05, sigF = 0.05)
     \examples lines wider than 100 characters:
     fat2.rbd(trat, genero, bloco, sabor ,quali=c(TRUE,TRUE), mcomp="lsd", fac.names=c("Samples","Gender"), sigT = 0.05, sigF = 0.05)
    
    Rd file 'fat3.ad.crd.Rd':
     \usage lines wider than 90 characters:
     fat3.ad.crd(factor1, factor2, factor3, repet, resp, respAd, quali = c(TRUE, TRUE, TRUE), mcomp = "tukey", fac.names = c("F1", "F2", "F3 ... [TRUNCATED]
     \examples lines wider than 100 characters:
     fat3.ad.crd(fatorA, fatorB, fatorC, rep, resp, respAd, quali = c(TRUE, TRUE, TRUE), mcomp = "duncan", fac.names = c("Factor A", "Factor ... [TRUNCATED]
    
    Rd file 'fat3.ad.rbd.Rd':
     \usage lines wider than 90 characters:
     fat3.ad.rbd(factor1, factor2, factor3, block, resp, respAd, quali = c(TRUE, TRUE, TRUE), mcomp = "tukey", fac.names = c("F1", "F2", "F3 ... [TRUNCATED]
     \examples lines wider than 100 characters:
     fat3.ad.rbd(fatorA, fatorB, fatorC, rep, resp, respAd, quali = c(TRUE, TRUE, TRUE), mcomp = "snk", fac.names = c("Factor A", "Factor B" ... [TRUNCATED]
    
    Rd file 'fat3.crd.Rd':
     \usage lines wider than 90 characters:
     fat3.crd(factor1, factor2, factor3, resp, quali = c(TRUE, TRUE, TRUE), mcomp = "tukey", fac.names = c("F1", "F2", "F3"), sigT = 0.05, s ... [TRUNCATED]
     \examples lines wider than 100 characters:
     fat3.crd(fatorA, fatorB, fatorC, resp, quali = c(TRUE, TRUE, TRUE), mcomp = "lsdb", fac.names = c("Factor A", "Factor B", "Factor C"), ... [TRUNCATED]
    
    Rd file 'fat3.rbd.Rd':
     \usage lines wider than 90 characters:
     fat3.rbd(factor1, factor2, factor3, block, resp, quali = c(TRUE, TRUE, TRUE), mcomp = "tukey", fac.names = c("F1", "F2", "F3"), sigT = ... [TRUNCATED]
     \examples lines wider than 100 characters:
     fat3.rbd(fatorA, fatorB, fatorC, rep, resp, quali = c(TRUE, TRUE, TRUE), mcomp = "tukey", fac.names = c("Factor A", "Factor B", "Factor ... [TRUNCATED]
    
    Rd file 'split2.crd.Rd':
     \usage lines wider than 90 characters:
     split2.crd(factor1, factor2, repet, resp, quali = c(TRUE, TRUE), mcomp = "tukey", fac.names = c("F1", "F2"), sigT = 0.05, sigF = 0.05)
     \examples lines wider than 100 characters:
     split2.crd(cobertura, prof, rep, pH, quali = c(TRUE, TRUE), mcomp = "lsd", fac.names = c("Cover", "Depth"), sigT = 0.05, sigF = 0.05)
    
    Rd file 'split2.rbd.Rd':
     \usage lines wider than 90 characters:
     split2.rbd(factor1, factor2, block, resp, quali = c(TRUE, TRUE), mcomp = "tukey", fac.names = c("F1", "F2"), sigT = 0.05, sigF = 0.05)
     \examples lines wider than 100 characters:
     split2.rbd(trat, dose, rep, resp, quali = c(TRUE, FALSE), mcomp = "tukey", fac.names = c("Treatament", "Dose"), sigT = 0.05, sigF = 0.0 ... [TRUNCATED]
    
    These lines will be truncated in the PDF manual.
Flavors: r-devel-linux-x86_64-debian-clang, r-devel-linux-x86_64-debian-gcc, r-devel-linux-x86_64-fedora-clang, r-devel-linux-x86_64-fedora-gcc, r-patched-linux-x86_64, r-release-linux-x86_64