CRAN Package Check Results for Package FBFsearch

Last updated on 2017-07-31 01:46:56.

Flavor Version Tinstall Tcheck Ttotal Status Flags
r-devel-linux-x86_64-debian-clang 1.1 12.31 23.83 36.15 NOTE
r-devel-linux-x86_64-debian-gcc 1.1 12.72 19.37 32.09 NOTE
r-devel-linux-x86_64-fedora-clang 1.1 57.34 NOTE
r-devel-linux-x86_64-fedora-gcc 1.1 54.16 NOTE
r-devel-windows-ix86+x86_64 1.1 57.00 64.00 121.00 NOTE
r-patched-linux-x86_64 1.1 12.51 24.29 36.79 NOTE
r-patched-solaris-x86 1.1 71.80 OK
r-release-linux-x86_64 1.1 12.61 24.19 36.80 NOTE
r-release-windows-ix86+x86_64 1.1 36.00 69.00 105.00 NOTE
r-release-osx-x86_64 1.1 NOTE
r-oldrel-windows-ix86+x86_64 1.1 47.00 47.00 94.00 NOTE
r-oldrel-osx-x86_64 1.1 NOTE

Additional issues

clang-UBSAN

Check Details

Version: 1.1
Check: compiled code
Result: NOTE
    File ‘FBFsearch/libs/FBFsearch.so’:
     Found no calls to: ‘R_registerRoutines’, ‘R_useDynamicSymbols’
    
    It is good practice to register native routines and to disable symbol
    search.
    
    See ‘Writing portable packages’ in the ‘Writing R Extensions’ manual.
Flavors: r-devel-linux-x86_64-debian-clang, r-devel-linux-x86_64-debian-gcc, r-devel-linux-x86_64-fedora-clang, r-devel-linux-x86_64-fedora-gcc, r-patched-linux-x86_64, r-release-linux-x86_64

Version: 1.1
Check: installed package size
Result: NOTE
     installed size is 5.1Mb
     sub-directories of 1Mb or more:
     data 3.5Mb
     libs 1.5Mb
Flavors: r-devel-linux-x86_64-fedora-clang, r-devel-linux-x86_64-fedora-gcc, r-devel-windows-ix86+x86_64, r-release-windows-ix86+x86_64, r-release-osx-x86_64, r-oldrel-windows-ix86+x86_64, r-oldrel-osx-x86_64