Last updated on 2017-07-31 01:46:57.
Flavor | Version | Tinstall | Tcheck | Ttotal | Status | Flags |
---|---|---|---|---|---|---|
r-devel-linux-x86_64-debian-clang | 2.2.1 | 41.80 | 67.93 | 109.73 | NOTE | |
r-devel-linux-x86_64-debian-gcc | 2.2.1 | 43.43 | 58.61 | 102.04 | NOTE | |
r-devel-linux-x86_64-fedora-clang | 2.2.1 | 211.36 | NOTE | |||
r-devel-linux-x86_64-fedora-gcc | 2.2.1 | 210.78 | NOTE | |||
r-devel-windows-ix86+x86_64 | 2.2.1 | 140.00 | 168.00 | 308.00 | OK | |
r-patched-linux-x86_64 | 2.2.1 | 43.26 | 70.83 | 114.09 | NOTE | |
r-patched-solaris-x86 | 2.2.1 | 244.00 | OK | |||
r-release-linux-x86_64 | 2.2.1 | 43.54 | 70.73 | 114.27 | NOTE | |
r-release-windows-ix86+x86_64 | 2.2.1 | 182.00 | 173.00 | 355.00 | OK | |
r-release-osx-x86_64 | 2.2.1 | OK | ||||
r-oldrel-windows-ix86+x86_64 | 2.2.1 | 130.00 | 120.00 | 250.00 | OK | |
r-oldrel-osx-x86_64 | 2.2.1 | OK |
Version: 2.2.1
Check: compiled code
Result: NOTE
File ‘FRESA.CAD/libs/FRESA.CAD.so’:
Found no calls to: ‘R_registerRoutines’, ‘R_useDynamicSymbols’
It is good practice to register native routines and to disable symbol
search.
See ‘Writing portable packages’ in the ‘Writing R Extensions’ manual.
Flavors: r-devel-linux-x86_64-debian-clang, r-devel-linux-x86_64-debian-gcc, r-devel-linux-x86_64-fedora-clang, r-devel-linux-x86_64-fedora-gcc, r-patched-linux-x86_64, r-release-linux-x86_64
Version: 2.2.1
Check: installed package size
Result: NOTE
installed size is 5.0Mb
sub-directories of 1Mb or more:
libs 4.6Mb
Flavors: r-devel-linux-x86_64-fedora-clang, r-devel-linux-x86_64-fedora-gcc