Last updated on 2017-07-31 01:46:56.
Flavor | Version | Tinstall | Tcheck | Ttotal | Status | Flags |
---|---|---|---|---|---|---|
r-devel-linux-x86_64-debian-clang | 1.36 | 2.10 | 100.69 | 102.79 | OK | |
r-devel-linux-x86_64-debian-gcc | 1.36 | 2.40 | 89.58 | 91.98 | OK | |
r-devel-linux-x86_64-fedora-clang | 1.36 | 170.08 | NOTE | |||
r-devel-linux-x86_64-fedora-gcc | 1.36 | 164.20 | NOTE | |||
r-devel-windows-ix86+x86_64 | 1.36 | 10.00 | 189.00 | 199.00 | OK | |
r-patched-linux-x86_64 | 1.36 | 2.09 | 101.13 | 103.23 | OK | |
r-patched-solaris-x86 | 1.36 | 193.50 | NOTE | |||
r-release-linux-x86_64 | 1.36 | 1.98 | 100.62 | 102.60 | OK | |
r-release-windows-ix86+x86_64 | 1.36 | 13.00 | 184.00 | 197.00 | OK | |
r-release-osx-x86_64 | 1.36 | NOTE | ||||
r-oldrel-windows-ix86+x86_64 | 1.36 | 11.00 | 120.00 | 131.00 | OK | |
r-oldrel-osx-x86_64 | 1.36 | NOTE |
Version: 1.36
Check: data for non-ASCII characters
Result: NOTE
Note: found 1 marked Latin-1 string
Flavors: r-devel-linux-x86_64-fedora-clang, r-devel-linux-x86_64-fedora-gcc, r-patched-solaris-x86, r-release-osx-x86_64, r-oldrel-osx-x86_64